{"id":5087,"date":"2021-11-30T23:24:32","date_gmt":"2021-11-30T23:24:32","guid":{"rendered":"https:\/\/mueblesbrambila.com\/?post_type=product&#038;p=5087"},"modified":"2023-09-04T18:26:52","modified_gmt":"2023-09-04T18:26:52","slug":"estufa-iem-6-quemadores","status":"publish","type":"product","link":"https:\/\/mueblesbrambila.com\/index.php\/product\/estufa-iem-6-quemadores\/","title":{"rendered":"ESTUFA IEM 6 QUEMADORES MOD. EI3020BAPS0"},"content":{"rendered":"<p>Esta estufa IEM te ayudar\u00e1 a lucirte y sorprender a todos tus comensales. Su dise\u00f1o y funcionalidad te garantizan el mejor desempe\u00f1o para que elabores tus platos de una manera c\u00f3moda y pr\u00e1ctica.<\/p>\n<p>Seguridad para tu hogar<br \/>\nEn caso de que se apague la llama, la v\u00e1lvula de seguridad incorporada bloquear\u00e1 la salida de gas, evitando derroches y accidentes. As\u00ed, \u00a1solo tendr\u00e1s que preocuparte por cocinar!<\/p>\n<div class=\"vtex-menu-2-x-menuItemInnerDiv\">\n<div class=\"vtex-menu-2-x-styledLinkContainer mh6 pv5\">\n<h5 class=\"vtex-menu-2-x-styledLinkContent flex justify-between nowrap\">Caracter\u00edsticas<\/h5>\n<\/div>\n<\/div>\n<div class=\"overflow-hidden\">\n<section class=\"vtex-menu-2-x-submenuAccordion w-100 flex pl4 flex\">\n<div class=\"vtex-store-components-3-x-specificationsTableContainer mt9 mt0-l pl8-l\">\n<div class=\"vtex-store-components-3-x-container relative\">\n<div class=\"vtex-store-components-3-x-content h-auto\">\n<table class=\"vtex-store-components-3-x-specificationsTable w-100 bg-base border-collapse\">\n<thead class=\"vtex-store-components-3-x-specificationsTableHead\"><\/thead>\n<tbody class=\"vtex-store-components-3-x-specificationsTableBody\">\n<tr class=\"vtex-store-components-3-x-specificationsTableRow\">\n<td class=\"vtex-store-components-3-x-specificationItemProperty w-50 b--muted-4 bb pa5\" data-specification=\"Luz Interior\">\n<div>Luz Interior<\/div>\n<\/td>\n<td class=\"vtex-store-components-3-x-specificationItemSpecifications w-50 b--muted-4 bb pa5\" data-specification=\"No\">\n<div>No<\/div>\n<\/td>\n<\/tr>\n<tr class=\"vtex-store-components-3-x-specificationsTableRow\">\n<td class=\"vtex-store-components-3-x-specificationItemProperty w-50 b--muted-4 bb pa5\" data-specification=\"Ventana\">\n<div>Ventana<\/div>\n<\/td>\n<td class=\"vtex-store-components-3-x-specificationItemSpecifications w-50 b--muted-4 bb pa5\" data-specification=\"S\u00ed\">\n<div>S\u00ed<\/div>\n<\/td>\n<\/tr>\n<tr class=\"vtex-store-components-3-x-specificationsTableRow\">\n<td class=\"vtex-store-components-3-x-specificationItemProperty w-50 b--muted-4 bb pa5\" data-specification=\"Termocontrol\">\n<div>Termocontrol<\/div>\n<\/td>\n<td class=\"vtex-store-components-3-x-specificationItemSpecifications w-50 b--muted-4 bb pa5\" data-specification=\"S\u00ed\">\n<div>S\u00ed<\/div>\n<\/td>\n<\/tr>\n<tr class=\"vtex-store-components-3-x-specificationsTableRow\">\n<td class=\"vtex-store-components-3-x-specificationItemProperty w-50 b--muted-4 bb pa5\" data-specification=\"Encendido Autom\u00e1tico en Horno\">\n<div>Encendido Autom\u00e1tico en Horno<\/div>\n<\/td>\n<td class=\"vtex-store-components-3-x-specificationItemSpecifications w-50 b--muted-4 bb pa5\" data-specification=\"No\">\n<div>No<\/div>\n<\/td>\n<\/tr>\n<tr class=\"vtex-store-components-3-x-specificationsTableRow\">\n<td class=\"vtex-store-components-3-x-specificationItemProperty w-50 b--muted-4 bb pa5\" data-specification=\"Emplea\">\n<div>Emplea<\/div>\n<\/td>\n<td class=\"vtex-store-components-3-x-specificationItemSpecifications w-50 b--muted-4 bb pa5\" data-specification=\"Gas LP\">\n<div>Gas LP<\/div>\n<\/td>\n<\/tr>\n<tr class=\"vtex-store-components-3-x-specificationsTableRow\">\n<td class=\"vtex-store-components-3-x-specificationItemProperty w-50 b--muted-4 bb pa5\" data-specification=\"N\u00famero de Parrillas\">\n<div>N\u00famero de Parrillas<\/div>\n<\/td>\n<td class=\"vtex-store-components-3-x-specificationItemSpecifications w-50 b--muted-4 bb pa5\" data-specification=\"3\">\n<div>3<\/div>\n<\/td>\n<\/tr>\n<tr class=\"vtex-store-components-3-x-specificationsTableRow\">\n<td class=\"vtex-store-components-3-x-specificationItemProperty w-50 b--muted-4 bb pa5\" data-specification=\"Quemadores Est\u00e1ndar\">\n<div>Quemadores Est\u00e1ndar<\/div>\n<\/td>\n<td class=\"vtex-store-components-3-x-specificationItemSpecifications w-50 b--muted-4 bb pa5\" data-specification=\"6\">\n<div>6<\/div>\n<\/td>\n<\/tr>\n<tr class=\"vtex-store-components-3-x-specificationsTableRow\">\n<td class=\"vtex-store-components-3-x-specificationItemProperty w-50 b--muted-4 bb pa5\" data-specification=\"Encendido Electr\u00f3nico en Quemadores\">\n<div>Encendido Electr\u00f3nico en Quemadores<\/div>\n<\/td>\n<td class=\"vtex-store-components-3-x-specificationItemSpecifications w-50 b--muted-4 bb pa5\" data-specification=\"No\">\n<div>No<\/div>\n<\/td>\n<\/tr>\n<tr class=\"vtex-store-components-3-x-specificationsTableRow\">\n<td class=\"vtex-store-components-3-x-specificationItemProperty w-50 b--muted-4 bb pa5\" data-specification=\"Voltaje\">\n<div>Voltaje<\/div>\n<\/td>\n<td class=\"vtex-store-components-3-x-specificationItemSpecifications w-50 b--muted-4 bb pa5\" data-specification=\"127\">\n<div>127<\/div>\n<\/td>\n<\/tr>\n<tr class=\"vtex-store-components-3-x-specificationsTableRow\">\n<td class=\"vtex-store-components-3-x-specificationItemProperty w-50 b--muted-4 bb pa5\" data-specification=\"Copete\">\n<div>Copete<\/div>\n<\/td>\n<td class=\"vtex-store-components-3-x-specificationItemSpecifications w-50 b--muted-4 bb pa5\" data-specification=\"S\u00ed\">\n<div>S\u00ed<\/div>\n<\/td>\n<\/tr>\n<tr class=\"vtex-store-components-3-x-specificationsTableRow\">\n<td class=\"vtex-store-components-3-x-specificationItemProperty w-50 b--muted-4 bb pa5\" data-specification=\"Horno\">\n<div>Horno<\/div>\n<\/td>\n<td class=\"vtex-store-components-3-x-specificationItemSpecifications w-50 b--muted-4 bb pa5\" data-specification=\"S\u00ed\">\n<div>S\u00ed<\/div>\n<\/td>\n<\/tr>\n<tr class=\"vtex-store-components-3-x-specificationsTableRow\">\n<td class=\"vtex-store-components-3-x-specificationItemProperty w-50 b--muted-4 bb pa5\" data-specification=\"Tipo\">\n<div>Tipo<\/div>\n<\/td>\n<td class=\"vtex-store-components-3-x-specificationItemSpecifications w-50 b--muted-4 bb pa5\" data-specification=\"Alambr\u00f3n\">\n<div>Alambr\u00f3n<\/div>\n<\/td>\n<\/tr>\n<tr class=\"vtex-store-components-3-x-specificationsTableRow\">\n<td class=\"vtex-store-components-3-x-specificationItemProperty w-50 b--muted-4 bb pa5\" data-specification=\"N\u00famero de Quemadores\">\n<div>N\u00famero de Quemadores<\/div>\n<\/td>\n<td class=\"vtex-store-components-3-x-specificationItemSpecifications w-50 b--muted-4 bb pa5\" data-specification=\"6\">\n<div>6<\/div>\n<\/td>\n<\/tr>\n<tr class=\"vtex-store-components-3-x-specificationsTableRow\">\n<td class=\"vtex-store-components-3-x-specificationItemProperty w-50 b--muted-4 bb pa5\" data-specification=\"Tipo de Estufa\">\n<div>Tipo de Estufa<\/div>\n<\/td>\n<td class=\"vtex-store-components-3-x-specificationItemSpecifications w-50 b--muted-4 bb pa5\" data-specification=\"De Piso\">\n<div>De Piso<\/div>\n<\/td>\n<\/tr>\n<tr class=\"vtex-store-components-3-x-specificationsTableRow\">\n<td class=\"vtex-store-components-3-x-specificationItemProperty w-50 b--muted-4 bb pa5\" data-specification=\"Tipo de Encendido\">\n<div>Tipo de Encendido<\/div>\n<\/td>\n<td class=\"vtex-store-components-3-x-specificationItemSpecifications w-50 b--muted-4 bb pa5\" data-specification=\"Manual\">\n<div>Manual<\/div>\n<\/td>\n<\/tr>\n<tr class=\"vtex-store-components-3-x-specificationsTableRow\">\n<td class=\"vtex-store-components-3-x-specificationItemProperty w-50 b--muted-4 bb pa5\" data-specification=\"Dimensiones (L x Al x An)\">\n<div>Dimensiones (L x Al x An)<\/div>\n<\/td>\n<td class=\"vtex-store-components-3-x-specificationItemSpecifications w-50 b--muted-4 bb pa5\" data-specification=\"76.6 x 108.5 x 71.7\">\n<div>76.6 x 108.5 x 71.7<\/div>\n<\/td>\n<\/tr>\n<tr class=\"vtex-store-components-3-x-specificationsTableRow\">\n<td class=\"vtex-store-components-3-x-specificationItemProperty w-50 b--muted-4 bb pa5\" data-specification=\"Contenido del Empaque\">\n<div>Contenido del Empaque<\/div>\n<\/td>\n<td class=\"vtex-store-components-3-x-specificationItemSpecifications w-50 b--muted-4 bb pa5\" data-specification=\"Estufa e instructivo\">\n<div>Estufa e instructivo<\/div>\n<\/td>\n<\/tr>\n<tr class=\"vtex-store-components-3-x-specificationsTableRow\">\n<td class=\"vtex-store-components-3-x-specificationItemProperty w-50 b--muted-4 bb pa5\" data-specification=\"Garant\u00eda con Proveedor\"><\/td>\n<td class=\"vtex-store-components-3-x-specificationItemSpecifications w-50 b--muted-4 bb pa5\" data-specification=\"1 a\u00f1o\"><\/td>\n<\/tr>\n<tr class=\"vtex-store-components-3-x-specificationsTableRow\">\n<td class=\"vtex-store-components-3-x-specificationItemProperty w-50 b--muted-4 bb pa5\" data-specification=\"Color\">\n<div>Color<\/div>\n<\/td>\n<td class=\"vtex-store-components-3-x-specificationItemSpecifications w-50 b--muted-4 bb pa5\" data-specification=\"Plateado\">\n<div>Plateado<\/div>\n<\/td>\n<\/tr>\n<tr class=\"vtex-store-components-3-x-specificationsTableRow\">\n<td class=\"vtex-store-components-3-x-specificationItemProperty w-50 b--muted-4 bb pa5\" data-specification=\"Material\">\n<div>Material<\/div>\n<\/td>\n<td class=\"vtex-store-components-3-x-specificationItemSpecifications w-50 b--muted-4 bb pa5\" data-specification=\"Acero Inoxidable\">\n<div>Acero Inoxidable<\/div>\n<\/td>\n<\/tr>\n<\/tbody>\n<\/table>\n<\/div>\n<\/div>\n<\/div>\n<\/section>\n<\/div>\n","protected":false},"excerpt":{"rendered":"<p>MOD. EI3020BAPS0<\/p>\n<ul>\n<li>Integra a tu cocina la Estufa De Piso Iem 30 pulgadas EI3020BAPS0 en color plata mercury.<\/li>\n<li>Cuenta con un moderno dise\u00f1o, lucir\u00e1 espectacular tu cocina.<\/li>\n<li>Est\u00e1 equipada con 3 parrillas de alambr\u00f3n, 6 quemadores de aluminio, una cubierta porcelanizada y un horno con ventana panor\u00e1mica, ideal para preparar deliciosos platillos.<\/li>\n<\/ul>\n<p>\u00a1Encuentra los mejores productos en Muebles Brambila!<\/p>\n","protected":false},"featured_media":5088,"template":"","meta":{"site-sidebar-layout":"default","site-content-layout":"default","ast-site-content-layout":"default","site-content-style":"default","site-sidebar-style":"default","ast-global-header-display":"","ast-banner-title-visibility":"","ast-main-header-display":"","ast-hfb-above-header-display":"","ast-hfb-below-header-display":"","ast-hfb-mobile-header-display":"","site-post-title":"","ast-breadcrumbs-content":"","ast-featured-img":"","footer-sml-layout":"","theme-transparent-header-meta":"default","adv-header-id-meta":"","stick-header-meta":"","header-above-stick-meta":"","header-main-stick-meta":"","header-below-stick-meta":"","astra-migrate-meta-layouts":"set","ast-page-background-enabled":"default","ast-page-background-meta":{"desktop":{"background-color":"","background-image":"","background-repeat":"repeat","background-position":"center center","background-size":"auto","background-attachment":"scroll","background-type":"","background-media":"","overlay-type":"","overlay-color":"","overlay-gradient":""},"tablet":{"background-color":"","background-image":"","background-repeat":"repeat","background-position":"center center","background-size":"auto","background-attachment":"scroll","background-type":"","background-media":"","overlay-type":"","overlay-color":"","overlay-gradient":""},"mobile":{"background-color":"","background-image":"","background-repeat":"repeat","background-position":"center center","background-size":"auto","background-attachment":"scroll","background-type":"","background-media":"","overlay-type":"","overlay-color":"","overlay-gradient":""}},"ast-content-background-meta":{"desktop":{"background-color":"var(--ast-global-color-5)","background-image":"","background-repeat":"repeat","background-position":"center center","background-size":"auto","background-attachment":"scroll","background-type":"","background-media":"","overlay-type":"","overlay-color":"","overlay-gradient":""},"tablet":{"background-color":"var(--ast-global-color-5)","background-image":"","background-repeat":"repeat","background-position":"center center","background-size":"auto","background-attachment":"scroll","background-type":"","background-media":"","overlay-type":"","overlay-color":"","overlay-gradient":""},"mobile":{"background-color":"var(--ast-global-color-5)","background-image":"","background-repeat":"repeat","background-position":"center center","background-size":"auto","background-attachment":"scroll","background-type":"","background-media":"","overlay-type":"","overlay-color":"","overlay-gradient":""}}},"product_brand":[],"product_cat":[32],"product_tag":[],"class_list":{"0":"post-5087","1":"product","2":"type-product","3":"status-publish","4":"has-post-thumbnail","6":"product_cat-linea-blanca","7":"desktop-align-left","8":"tablet-align-left","9":"mobile-align-left","11":"first","12":"instock","13":"taxable","14":"shipping-taxable","15":"purchasable","16":"product-type-simple"},"aioseo_notices":[],"_links":{"self":[{"href":"https:\/\/mueblesbrambila.com\/index.php\/wp-json\/wp\/v2\/product\/5087","targetHints":{"allow":["GET"]}}],"collection":[{"href":"https:\/\/mueblesbrambila.com\/index.php\/wp-json\/wp\/v2\/product"}],"about":[{"href":"https:\/\/mueblesbrambila.com\/index.php\/wp-json\/wp\/v2\/types\/product"}],"wp:featuredmedia":[{"embeddable":true,"href":"https:\/\/mueblesbrambila.com\/index.php\/wp-json\/wp\/v2\/media\/5088"}],"wp:attachment":[{"href":"https:\/\/mueblesbrambila.com\/index.php\/wp-json\/wp\/v2\/media?parent=5087"}],"wp:term":[{"taxonomy":"product_brand","embeddable":true,"href":"https:\/\/mueblesbrambila.com\/index.php\/wp-json\/wp\/v2\/product_brand?post=5087"},{"taxonomy":"product_cat","embeddable":true,"href":"https:\/\/mueblesbrambila.com\/index.php\/wp-json\/wp\/v2\/product_cat?post=5087"},{"taxonomy":"product_tag","embeddable":true,"href":"https:\/\/mueblesbrambila.com\/index.php\/wp-json\/wp\/v2\/product_tag?post=5087"}],"curies":[{"name":"wp","href":"https:\/\/api.w.org\/{rel}","templated":true}]}}