{"id":5115,"date":"2021-11-30T23:50:28","date_gmt":"2021-11-30T23:50:28","guid":{"rendered":"https:\/\/mueblesbrambila.com\/?post_type=product&#038;p=5115"},"modified":"2023-09-04T19:01:00","modified_gmt":"2023-09-04T19:01:00","slug":"estufa-iem-6-quemadores-2","status":"publish","type":"product","link":"https:\/\/mueblesbrambila.com\/index.php\/product\/estufa-iem-6-quemadores-2\/","title":{"rendered":"ESTUFA IEM 6 QUEMADORESMOD. EI3032BAPL"},"content":{"rendered":"<ul>\n<li>Cuenta con horno de encendido manual.<\/li>\n<li>Cubierta porcelanizada<\/li>\n<li>3 parrillas superiores de alambr\u00f3n<\/li>\n<li>6 quemadores est\u00e1ndar de encendido electr\u00f3nico por bot\u00f3n.<\/li>\n<li>Capacidad de horno 126.6 L<\/li>\n<li>Termocontrol 5 posiciones<\/li>\n<li>Asador bajo con soporte y charola, ideal para tostar, dorar y gratinar platillos.<\/li>\n<li>Frente estilizado de perillas que brinda una mejor visibilidad, m\u00e1xima seguridad y f\u00e1cil limpieza.<\/li>\n<li>Horno con una mejor distribuci\u00f3n de calor para una cocci\u00f3n uniforme y vista panor\u00e1mica<\/li>\n<li>F\u00e1cil limpieza gracias a su acabado Easy Clean Max.<\/li>\n<\/ul>\n<p>&nbsp;<\/p>\n<table>\n<tbody>\n<tr>\n<th>Marca:<\/th>\n<td>IEM<\/td>\n<\/tr>\n<tr>\n<th>Modelo:<\/th>\n<td>EI3032BAPL<\/td>\n<\/tr>\n<tr>\n<th>Tipo de alimentaci\u00f3n:<\/th>\n<td>Gas<\/td>\n<\/tr>\n<tr>\n<th>Cantidad de hornallas:<\/th>\n<td>6<\/td>\n<\/tr>\n<tr>\n<th>Tipo de puerta del horno:<\/th>\n<td>Con visor<\/td>\n<\/tr>\n<tr>\n<th>Tipo de conexi\u00f3n:<\/th>\n<td>Gas envasado<\/td>\n<\/tr>\n<\/tbody>\n<\/table>\n<p>&nbsp;<\/p>\n<p>&nbsp;<\/p>\n<p><strong>Dimensiones:<\/strong><\/p>\n<ul>\n<li>Altura:130 cm<\/li>\n<li>Ancho: 50 cm<\/li>\n<li>Profundidad: 60 cm<\/li>\n<\/ul>\n","protected":false},"excerpt":{"rendered":"<p>MOD. EI3032BAPL<\/p>\n<p>Estufa IEM EI3032BAPL Color Almendra<\/p>\n<ul>\n<li>Cubierta Sellada Porcelanizada<\/li>\n<li>Parrillas De Alambron<\/li>\n<li>Encendido Electronico De Boton<\/li>\n<li>Quemadores Tech 6 Estandar<\/li>\n<li>Horno Con Termocontrol<\/li>\n<li>Encndido Manual<\/li>\n<li>Ventana Grande<\/li>\n<li>Parrilla Estandar<\/li>\n<li>Asador Bajo Con Charola<\/li>\n<\/ul>\n","protected":false},"featured_media":5116,"template":"","meta":{"site-sidebar-layout":"default","site-content-layout":"default","ast-site-content-layout":"default","site-content-style":"default","site-sidebar-style":"default","ast-global-header-display":"","ast-banner-title-visibility":"","ast-main-header-display":"","ast-hfb-above-header-display":"","ast-hfb-below-header-display":"","ast-hfb-mobile-header-display":"","site-post-title":"","ast-breadcrumbs-content":"","ast-featured-img":"","footer-sml-layout":"","theme-transparent-header-meta":"default","adv-header-id-meta":"","stick-header-meta":"","header-above-stick-meta":"","header-main-stick-meta":"","header-below-stick-meta":"","astra-migrate-meta-layouts":"set","ast-page-background-enabled":"default","ast-page-background-meta":{"desktop":{"background-color":"","background-image":"","background-repeat":"repeat","background-position":"center center","background-size":"auto","background-attachment":"scroll","background-type":"","background-media":"","overlay-type":"","overlay-color":"","overlay-gradient":""},"tablet":{"background-color":"","background-image":"","background-repeat":"repeat","background-position":"center center","background-size":"auto","background-attachment":"scroll","background-type":"","background-media":"","overlay-type":"","overlay-color":"","overlay-gradient":""},"mobile":{"background-color":"","background-image":"","background-repeat":"repeat","background-position":"center center","background-size":"auto","background-attachment":"scroll","background-type":"","background-media":"","overlay-type":"","overlay-color":"","overlay-gradient":""}},"ast-content-background-meta":{"desktop":{"background-color":"var(--ast-global-color-5)","background-image":"","background-repeat":"repeat","background-position":"center center","background-size":"auto","background-attachment":"scroll","background-type":"","background-media":"","overlay-type":"","overlay-color":"","overlay-gradient":""},"tablet":{"background-color":"var(--ast-global-color-5)","background-image":"","background-repeat":"repeat","background-position":"center center","background-size":"auto","background-attachment":"scroll","background-type":"","background-media":"","overlay-type":"","overlay-color":"","overlay-gradient":""},"mobile":{"background-color":"var(--ast-global-color-5)","background-image":"","background-repeat":"repeat","background-position":"center center","background-size":"auto","background-attachment":"scroll","background-type":"","background-media":"","overlay-type":"","overlay-color":"","overlay-gradient":""}}},"product_brand":[],"product_cat":[32],"product_tag":[],"class_list":{"0":"post-5115","1":"product","2":"type-product","3":"status-publish","4":"has-post-thumbnail","6":"product_cat-linea-blanca","7":"desktop-align-left","8":"tablet-align-left","9":"mobile-align-left","11":"first","12":"instock","13":"taxable","14":"shipping-taxable","15":"purchasable","16":"product-type-simple"},"aioseo_notices":[],"_links":{"self":[{"href":"https:\/\/mueblesbrambila.com\/index.php\/wp-json\/wp\/v2\/product\/5115","targetHints":{"allow":["GET"]}}],"collection":[{"href":"https:\/\/mueblesbrambila.com\/index.php\/wp-json\/wp\/v2\/product"}],"about":[{"href":"https:\/\/mueblesbrambila.com\/index.php\/wp-json\/wp\/v2\/types\/product"}],"wp:featuredmedia":[{"embeddable":true,"href":"https:\/\/mueblesbrambila.com\/index.php\/wp-json\/wp\/v2\/media\/5116"}],"wp:attachment":[{"href":"https:\/\/mueblesbrambila.com\/index.php\/wp-json\/wp\/v2\/media?parent=5115"}],"wp:term":[{"taxonomy":"product_brand","embeddable":true,"href":"https:\/\/mueblesbrambila.com\/index.php\/wp-json\/wp\/v2\/product_brand?post=5115"},{"taxonomy":"product_cat","embeddable":true,"href":"https:\/\/mueblesbrambila.com\/index.php\/wp-json\/wp\/v2\/product_cat?post=5115"},{"taxonomy":"product_tag","embeddable":true,"href":"https:\/\/mueblesbrambila.com\/index.php\/wp-json\/wp\/v2\/product_tag?post=5115"}],"curies":[{"name":"wp","href":"https:\/\/api.w.org\/{rel}","templated":true}]}}

<ul>
<li>Cuenta con horno de encendido manual.</li>
<li>Cubierta porcelanizada</li>
<li>3 parrillas superiores de alambrón</li>
<li>6 quemadores estándar de encendido electrónico por botón.</li>
<li>Capacidad de horno 126.6 L</li>
<li>Termocontrol 5 posiciones</li>
<li>Asador bajo con soporte y charola, ideal para tostar, dorar y gratinar platillos.</li>
<li>Frente estilizado de perillas que brinda una mejor visibilidad, máxima seguridad y fácil limpieza.</li>
<li>Horno con una mejor distribución de calor para una cocción uniforme y vista panorámica</li>
<li>Fácil limpieza gracias a su acabado Easy Clean Max.</li>
</ul>
<p>&nbsp;</p>
<table>
<tbody>
<tr>
<th>Marca:</th>
<td>IEM</td>
</tr>
<tr>
<th>Modelo:</th>
<td>EI3032BAPL</td>
</tr>
<tr>
<th>Tipo de alimentación:</th>
<td>Gas</td>
</tr>
<tr>
<th>Cantidad de hornallas:</th>
<td>6</td>
</tr>
<tr>
<th>Tipo de puerta del horno:</th>
<td>Con visor</td>
</tr>
<tr>
<th>Tipo de conexión:</th>
<td>Gas envasado</td>
</tr>
</tbody>
</table>
<p>&nbsp;</p>
<p>&nbsp;</p>
<p><strong>Dimensiones:</strong></p>
<ul>
<li>Altura:130 cm</li>
<li>Ancho: 50 cm</li>
<li>Profundidad: 60 cm</li>
</ul>
