{"id":5197,"date":"2021-12-01T01:05:12","date_gmt":"2021-12-01T01:05:12","guid":{"rendered":"https:\/\/mueblesbrambila.com\/?post_type=product&#038;p=5197"},"modified":"2023-09-09T01:09:13","modified_gmt":"2023-09-09T01:09:13","slug":"refrigerador-acros","status":"publish","type":"product","link":"https:\/\/mueblesbrambila.com\/index.php\/product\/refrigerador-acros\/","title":{"rendered":"REFRIGERADOR ACROS  MOD. AS7608F"},"content":{"rendered":"<p>Disfruta de tus alimentos frescos y almac\u00e9nalos de manera pr\u00e1ctica y c\u00f3moda en el refrigerador Acros, el protagonista de la cocina.<\/p>\n<p>Comodidad para tu hogar<br \/>\nEl sistema Semiautom\u00e1tico es una evoluci\u00f3n de los modelos de deshielo manual y ofrece una opci\u00f3n intermediaria de precios y recursos. La gran diferencia con relaci\u00f3n a estos otros es que el consumidor no necesita desenchufar el equipo para descongelarlo, por lo que el deshielo del equipo se realiza mientras sigue en funcionamiento.<\/p>\n<p>Frescura en tus alimentos<br \/>\nCada vez que abres la puerta se cuela aire caliente; por eso, al tener control de temperatura podr\u00e1s regular los grados para que tus productos se mantengan siempre frescos.<\/p>\n<p>Practicidad interior<br \/>\nLa disposici\u00f3n de 2 estantes te proporcionar\u00e1 un gran ahorro de espacio y f\u00e1cil localizaci\u00f3n de tus productos. Gracias a su resistente material no tendr\u00e1s que preocuparte por el peso que deposites en ellos y organizar\u00e1s a tu gusto cada rinc\u00f3n para optimizar su uso.<\/p>\n","protected":false},"excerpt":{"rendered":"<p>MOD. AS7608F<\/p>\n<div class=\"ui-pdp-container__row ui-pdp-container__row--highlighted-features-title\">\n<h5 class=\"ui-vpp-text-alignment--left ui-pdp-color--BLACK ui-pdp-size--XSMALL ui-pdp-family--SEMIBOLD highlighted-features-title\">Lo que tienes que saber de este producto<\/h5>\n<\/div>\n<div class=\"ui-pdp-container__row ui-pdp-container__row--highlighted-features\">\n<div class=\"ui-vpp-highlighted-specs__features\">\n<ul class=\"ui-vpp-highlighted-specs__features-list\">\n<li class=\"ui-vpp-highlighted-specs__features-list-item ui-pdp-color--BLACK ui-pdp-size--XSMALL ui-pdp-family--REGULAR\">Tipo de deshielo: semiautom\u00e1tico.<\/li>\n<li class=\"ui-vpp-highlighted-specs__features-list-item ui-pdp-color--BLACK ui-pdp-size--XSMALL ui-pdp-family--REGULAR\">Capacidad de 196 litros.<\/li>\n<li class=\"ui-vpp-highlighted-specs__features-list-item ui-pdp-color--BLACK ui-pdp-size--XSMALL ui-pdp-family--REGULAR\">Con iluminaci\u00f3n interior.<\/li>\n<li class=\"ui-vpp-highlighted-specs__features-list-item ui-pdp-color--BLACK ui-pdp-size--XSMALL ui-pdp-family--REGULAR\">Dimensiones: 504 mm de ancho, 1193 mm de alto y 560 mm de profundidad.<\/li>\n<li class=\"ui-vpp-highlighted-specs__features-list-item ui-pdp-color--BLACK ui-pdp-size--XSMALL ui-pdp-family--REGULAR\">Las im\u00e1genes pueden ser ilustrativas.<\/li>\n<\/ul>\n<\/div>\n<\/div>\n","protected":false},"featured_media":5198,"template":"","meta":{"site-sidebar-layout":"default","site-content-layout":"default","ast-site-content-layout":"default","site-content-style":"default","site-sidebar-style":"default","ast-global-header-display":"","ast-banner-title-visibility":"","ast-main-header-display":"","ast-hfb-above-header-display":"","ast-hfb-below-header-display":"","ast-hfb-mobile-header-display":"","site-post-title":"","ast-breadcrumbs-content":"","ast-featured-img":"","footer-sml-layout":"","theme-transparent-header-meta":"default","adv-header-id-meta":"","stick-header-meta":"","header-above-stick-meta":"","header-main-stick-meta":"","header-below-stick-meta":"","astra-migrate-meta-layouts":"set","ast-page-background-enabled":"default","ast-page-background-meta":{"desktop":{"background-color":"","background-image":"","background-repeat":"repeat","background-position":"center center","background-size":"auto","background-attachment":"scroll","background-type":"","background-media":"","overlay-type":"","overlay-color":"","overlay-gradient":""},"tablet":{"background-color":"","background-image":"","background-repeat":"repeat","background-position":"center center","background-size":"auto","background-attachment":"scroll","background-type":"","background-media":"","overlay-type":"","overlay-color":"","overlay-gradient":""},"mobile":{"background-color":"","background-image":"","background-repeat":"repeat","background-position":"center center","background-size":"auto","background-attachment":"scroll","background-type":"","background-media":"","overlay-type":"","overlay-color":"","overlay-gradient":""}},"ast-content-background-meta":{"desktop":{"background-color":"var(--ast-global-color-5)","background-image":"","background-repeat":"repeat","background-position":"center center","background-size":"auto","background-attachment":"scroll","background-type":"","background-media":"","overlay-type":"","overlay-color":"","overlay-gradient":""},"tablet":{"background-color":"var(--ast-global-color-5)","background-image":"","background-repeat":"repeat","background-position":"center center","background-size":"auto","background-attachment":"scroll","background-type":"","background-media":"","overlay-type":"","overlay-color":"","overlay-gradient":""},"mobile":{"background-color":"var(--ast-global-color-5)","background-image":"","background-repeat":"repeat","background-position":"center center","background-size":"auto","background-attachment":"scroll","background-type":"","background-media":"","overlay-type":"","overlay-color":"","overlay-gradient":""}}},"product_brand":[],"product_cat":[32],"product_tag":[],"class_list":{"0":"post-5197","1":"product","2":"type-product","3":"status-publish","4":"has-post-thumbnail","6":"product_cat-linea-blanca","7":"desktop-align-left","8":"tablet-align-left","9":"mobile-align-left","11":"first","12":"instock","13":"taxable","14":"shipping-taxable","15":"purchasable","16":"product-type-simple"},"aioseo_notices":[],"_links":{"self":[{"href":"https:\/\/mueblesbrambila.com\/index.php\/wp-json\/wp\/v2\/product\/5197","targetHints":{"allow":["GET"]}}],"collection":[{"href":"https:\/\/mueblesbrambila.com\/index.php\/wp-json\/wp\/v2\/product"}],"about":[{"href":"https:\/\/mueblesbrambila.com\/index.php\/wp-json\/wp\/v2\/types\/product"}],"wp:featuredmedia":[{"embeddable":true,"href":"https:\/\/mueblesbrambila.com\/index.php\/wp-json\/wp\/v2\/media\/5198"}],"wp:attachment":[{"href":"https:\/\/mueblesbrambila.com\/index.php\/wp-json\/wp\/v2\/media?parent=5197"}],"wp:term":[{"taxonomy":"product_brand","embeddable":true,"href":"https:\/\/mueblesbrambila.com\/index.php\/wp-json\/wp\/v2\/product_brand?post=5197"},{"taxonomy":"product_cat","embeddable":true,"href":"https:\/\/mueblesbrambila.com\/index.php\/wp-json\/wp\/v2\/product_cat?post=5197"},{"taxonomy":"product_tag","embeddable":true,"href":"https:\/\/mueblesbrambila.com\/index.php\/wp-json\/wp\/v2\/product_tag?post=5197"}],"curies":[{"name":"wp","href":"https:\/\/api.w.org\/{rel}","templated":true}]}}

<p>Disfruta de tus alimentos frescos y almacénalos de manera práctica y cómoda en el refrigerador Acros, el protagonista de la cocina.</p>
<p>Comodidad para tu hogar<br />
El sistema Semiautomático es una evolución de los modelos de deshielo manual y ofrece una opción intermediaria de precios y recursos. La gran diferencia con relación a estos otros es que el consumidor no necesita desenchufar el equipo para descongelarlo, por lo que el deshielo del equipo se realiza mientras sigue en funcionamiento.</p>
<p>Frescura en tus alimentos<br />
Cada vez que abres la puerta se cuela aire caliente; por eso, al tener control de temperatura podrás regular los grados para que tus productos se mantengan siempre frescos.</p>
<p>Practicidad interior<br />
La disposición de 2 estantes te proporcionará un gran ahorro de espacio y fácil localización de tus productos. Gracias a su resistente material no tendrás que preocuparte por el peso que deposites en ellos y organizarás a tu gusto cada rincón para optimizar su uso.</p>

<p>MOD. AS7608F</p>
<div class="ui-pdp-container__row ui-pdp-container__row--highlighted-features-title">
<h5 class="ui-vpp-text-alignment--left ui-pdp-color--BLACK ui-pdp-size--XSMALL ui-pdp-family--SEMIBOLD highlighted-features-title">Lo que tienes que saber de este producto</h5>
</div>
<div class="ui-pdp-container__row ui-pdp-container__row--highlighted-features">
<div class="ui-vpp-highlighted-specs__features">
<ul class="ui-vpp-highlighted-specs__features-list">
<li class="ui-vpp-highlighted-specs__features-list-item ui-pdp-color--BLACK ui-pdp-size--XSMALL ui-pdp-family--REGULAR">Tipo de deshielo: semiautomático.</li>
<li class="ui-vpp-highlighted-specs__features-list-item ui-pdp-color--BLACK ui-pdp-size--XSMALL ui-pdp-family--REGULAR">Capacidad de 196 litros.</li>
<li class="ui-vpp-highlighted-specs__features-list-item ui-pdp-color--BLACK ui-pdp-size--XSMALL ui-pdp-family--REGULAR">Con iluminación interior.</li>
<li class="ui-vpp-highlighted-specs__features-list-item ui-pdp-color--BLACK ui-pdp-size--XSMALL ui-pdp-family--REGULAR">Dimensiones: 504 mm de ancho, 1193 mm de alto y 560 mm de profundidad.</li>
<li class="ui-vpp-highlighted-specs__features-list-item ui-pdp-color--BLACK ui-pdp-size--XSMALL ui-pdp-family--REGULAR">Las imágenes pueden ser ilustrativas.</li>
</ul>
</div>
</div>
