{"id":5226,"date":"2021-12-01T01:41:57","date_gmt":"2021-12-01T01:41:57","guid":{"rendered":"https:\/\/mueblesbrambila.com\/?post_type=product&#038;p=5226"},"modified":"2023-09-08T23:52:17","modified_gmt":"2023-09-08T23:52:17","slug":"parrilla-para-empotrar-mod-4qecb","status":"publish","type":"product","link":"https:\/\/mueblesbrambila.com\/index.php\/product\/parrilla-para-empotrar-mod-4qecb\/","title":{"rendered":"PARRILLA PARA EMPOTRAR MOD. 4QECB"},"content":{"rendered":"<h2><\/h2>\n<div class=\"elementor elementor-11052\" data-elementor-type=\"product-post\" data-elementor-id=\"11052\">\n<section class=\"elementor-section elementor-top-section elementor-element elementor-element-ece12ba elementor-section-boxed elementor-section-height-default elementor-section-height-default\" data-id=\"ece12ba\" data-element_type=\"section\">\n<div class=\"elementor-container elementor-column-gap-default\">\n<div class=\"elementor-column elementor-col-50 elementor-top-column elementor-element elementor-element-56530ef\" data-id=\"56530ef\" data-element_type=\"column\">\n<div class=\"elementor-widget-wrap elementor-element-populated\">\n<div class=\"elementor-element elementor-element-58fa2c6 elementor-widget elementor-widget-text-editor\" data-id=\"58fa2c6\" data-element_type=\"widget\" data-widget_type=\"text-editor.default\">\n<div class=\"elementor-widget-container\">\n<p>\u2022Parrillas superiores de hierro fundido<br \/>\n\u2022Quemadores de distintos tama\u00f1os<br \/>\n\u2022Quemadores acero y tapas de hierro fundido<br \/>\n\u2022Encendido electr\u00f3nico en cada uno de sus quemadores<br \/>\n\u2022Perillas de acero inoxidable<br \/>\n\u2022Elegante cubierta superior de cristal templado en color blanco con 7 mm de espesor<br \/>\n\u2022V\u00e1lvula de seguridad con dispositivo contra apertura accidental<br \/>\n\u2022Doble certificaci\u00f3n NOM<\/p>\n<\/div>\n<\/div>\n<\/div>\n<\/div>\n<div class=\"elementor-column elementor-col-50 elementor-top-column elementor-element elementor-element-7bd5238\" data-id=\"7bd5238\" data-element_type=\"column\">\n<div class=\"elementor-widget-wrap elementor-element-populated\">\n<div class=\"elementor-element elementor-element-efe8c74 elementor-widget elementor-widget-image\" data-id=\"efe8c74\" data-element_type=\"widget\" data-widget_type=\"image.default\">\n<div class=\"elementor-widget-container\"><img fetchpriority=\"high\" decoding=\"async\" class=\"attachment-large size-large wp-image-16485 entered lazyloaded\" src=\"https:\/\/supra.com.mx\/wp-content\/uploads\/2022\/02\/4Q-EC-B-WEB4.jpg\" sizes=\"(max-width: 800px) 100vw, 800px\" srcset=\"https:\/\/supra.com.mx\/wp-content\/uploads\/2022\/02\/4Q-EC-B-WEB4.jpg 800w, https:\/\/supra.com.mx\/wp-content\/uploads\/2022\/02\/4Q-EC-B-WEB4-300x300.jpg 300w, https:\/\/supra.com.mx\/wp-content\/uploads\/2022\/02\/4Q-EC-B-WEB4-100x100.jpg 100w, https:\/\/supra.com.mx\/wp-content\/uploads\/2022\/02\/4Q-EC-B-WEB4-600x600.jpg 600w, https:\/\/supra.com.mx\/wp-content\/uploads\/2022\/02\/4Q-EC-B-WEB4-150x150.jpg 150w, https:\/\/supra.com.mx\/wp-content\/uploads\/2022\/02\/4Q-EC-B-WEB4-768x768.jpg 768w\" alt=\"\" width=\"800\" height=\"800\" data-lazy-srcset=\"https:\/\/supra.com.mx\/wp-content\/uploads\/2022\/02\/4Q-EC-B-WEB4.jpg 800w, https:\/\/supra.com.mx\/wp-content\/uploads\/2022\/02\/4Q-EC-B-WEB4-300x300.jpg 300w, https:\/\/supra.com.mx\/wp-content\/uploads\/2022\/02\/4Q-EC-B-WEB4-100x100.jpg 100w, https:\/\/supra.com.mx\/wp-content\/uploads\/2022\/02\/4Q-EC-B-WEB4-600x600.jpg 600w, https:\/\/supra.com.mx\/wp-content\/uploads\/2022\/02\/4Q-EC-B-WEB4-150x150.jpg 150w, https:\/\/supra.com.mx\/wp-content\/uploads\/2022\/02\/4Q-EC-B-WEB4-768x768.jpg 768w\" data-lazy-sizes=\"(max-width: 800px) 100vw, 800px\" data-lazy-src=\"https:\/\/supra.com.mx\/wp-content\/uploads\/2022\/02\/4Q-EC-B-WEB4.jpg\" data-ll-status=\"loaded\" \/><\/div>\n<\/div>\n<\/div>\n<\/div>\n<\/div>\n<\/section>\n<section class=\"elementor-section elementor-top-section elementor-element elementor-element-7f998e0 elementor-section-boxed elementor-section-height-default elementor-section-height-default\" data-id=\"7f998e0\" data-element_type=\"section\">\n<div class=\"elementor-container elementor-column-gap-default\">\n<div class=\"elementor-column elementor-col-33 elementor-top-column elementor-element elementor-element-3a1d29a\" data-id=\"3a1d29a\" data-element_type=\"column\">\n<div class=\"elementor-widget-wrap elementor-element-populated\">\n<div class=\"elementor-element elementor-element-075a754 elementor-widget elementor-widget-image\" data-id=\"075a754\" data-element_type=\"widget\" data-widget_type=\"image.default\">\n<div class=\"elementor-widget-container\"><img decoding=\"async\" class=\"attachment-large size-large wp-image-11058 entered lazyloaded\" src=\"https:\/\/supra.com.mx\/wp-content\/uploads\/2021\/10\/4Q-EC-B-ISO-1024x1024.jpg\" sizes=\"(max-width: 800px) 100vw, 800px\" srcset=\"https:\/\/supra.com.mx\/wp-content\/uploads\/2021\/10\/4Q-EC-B-ISO-1024x1024.jpg 1024w, https:\/\/supra.com.mx\/wp-content\/uploads\/2021\/10\/4Q-EC-B-ISO-300x300.jpg 300w, https:\/\/supra.com.mx\/wp-content\/uploads\/2021\/10\/4Q-EC-B-ISO-100x100.jpg 100w, https:\/\/supra.com.mx\/wp-content\/uploads\/2021\/10\/4Q-EC-B-ISO-150x150.jpg 150w, https:\/\/supra.com.mx\/wp-content\/uploads\/2021\/10\/4Q-EC-B-ISO-1536x1536.jpg 1536w, https:\/\/supra.com.mx\/wp-content\/uploads\/2021\/10\/4Q-EC-B-ISO-2048x2048.jpg 2048w, https:\/\/supra.com.mx\/wp-content\/uploads\/2021\/10\/4Q-EC-B-ISO-20x20.jpg 20w\" alt=\"\" width=\"800\" height=\"800\" data-lazy-srcset=\"https:\/\/supra.com.mx\/wp-content\/uploads\/2021\/10\/4Q-EC-B-ISO-1024x1024.jpg 1024w, https:\/\/supra.com.mx\/wp-content\/uploads\/2021\/10\/4Q-EC-B-ISO-300x300.jpg 300w, https:\/\/supra.com.mx\/wp-content\/uploads\/2021\/10\/4Q-EC-B-ISO-100x100.jpg 100w, https:\/\/supra.com.mx\/wp-content\/uploads\/2021\/10\/4Q-EC-B-ISO-150x150.jpg 150w, https:\/\/supra.com.mx\/wp-content\/uploads\/2021\/10\/4Q-EC-B-ISO-1536x1536.jpg 1536w, https:\/\/supra.com.mx\/wp-content\/uploads\/2021\/10\/4Q-EC-B-ISO-2048x2048.jpg 2048w, https:\/\/supra.com.mx\/wp-content\/uploads\/2021\/10\/4Q-EC-B-ISO-20x20.jpg 20w\" data-lazy-sizes=\"(max-width: 800px) 100vw, 800px\" data-lazy-src=\"https:\/\/supra.com.mx\/wp-content\/uploads\/2021\/10\/4Q-EC-B-ISO-1024x1024.jpg\" data-ll-status=\"loaded\" \/><\/div>\n<\/div>\n<\/div>\n<\/div>\n<div class=\"elementor-column elementor-col-66 elementor-top-column elementor-element elementor-element-9c0cd5b\" data-id=\"9c0cd5b\" data-element_type=\"column\">\n<div class=\"elementor-widget-wrap elementor-element-populated\">\n<div class=\"elementor-element elementor-element-3999739 elementor-widget elementor-widget-text-editor\" data-id=\"3999739\" data-element_type=\"widget\" data-widget_type=\"text-editor.default\">\n<div class=\"elementor-widget-container\">\n<p>\u2022Estufa empotrable de 4 quemadores de diferentes capacidades t\u00e9rmicas, 1 Quemador doble flama de: 10 800 kJ\/h, 2 Quemadores de: 5 300 kJ\/h y 1 Quemador de: 3 300 kJ\/h, platos de quemador en acero esmaltado, con goma antiderrame en perillas y quemadores.<br \/>\n\u2022Configurada de fabrica para usar con gas LP, incluye espreas para cambio a gas natural.<br \/>\n\u2022Hecha de materiales resistentes, su cubierta de cristal templado es de 7 mm de espesor, que soporta hasta 20 kg, parrillas superiores de hierro fundido, y perillas de acero.<br \/>\n\u2022Estufa de gas empotrable en 60 cm con encendido electr\u00f3nico, en cada uno de sus quemadores y v\u00e1lvula de seguridad.<br \/>\n\u2022Cristal templado con pel\u00edcula antiest\u00e1tica, protecci\u00f3n t\u00e9rmica y de seguridad.<br \/>\n\u2022F\u00e1cil de limpiar utiliza un pa\u00f1o de microfibra h\u00famedo.<br \/>\n\u2022Parrilla a gas con medidas de 60cm frente x 51cm fondo x 12.2cm altura, peso de 8.63 Kg.<br \/>\n\u2022Medidas de empotre de 55 cm de frente x 47 cm de fondo.<br \/>\n\u2022Con la parrilla empotrable 4Q-EC-B de la marca SUPRA podr\u00e1s cocinar todos tus platillos favoritos.<br \/>\n\u2022Incluye: manual de usuario, p\u00f3liza de garant\u00eda, espreas para conversi\u00f3n a gas natural, adaptador para conexi\u00f3n a tub<\/p>\n<\/div>\n<\/div>\n<\/div>\n<\/div>\n<\/div>\n<\/section>\n<\/div>\n","protected":false},"excerpt":{"rendered":"<ul>\n<li>Parrilla cristal templado blanco para 60cm<\/li>\n<li>Espreas superiores de hierro fundido<\/li>\n<li>Quemadores de distintos tama\u00f1os<\/li>\n<li>Quemadores acero y tapas de hierro fundido<\/li>\n<li>Encendido electr\u00f3nico en cada uno de sus quemadores<\/li>\n<li>Perillas de acero inoxidable<\/li>\n<li>Funciona con gas LP y con gas natural<\/li>\n<li>Elegante cubierta superior de cristal templado en color blanco con 7 mm de espesor<\/li>\n<li>V\u00e1lvula de seguridad con dispositivo contra apertura accidental<\/li>\n<\/ul>\n","protected":false},"featured_media":5227,"template":"","meta":{"site-sidebar-layout":"default","site-content-layout":"default","ast-site-content-layout":"default","site-content-style":"default","site-sidebar-style":"default","ast-global-header-display":"","ast-banner-title-visibility":"","ast-main-header-display":"","ast-hfb-above-header-display":"","ast-hfb-below-header-display":"","ast-hfb-mobile-header-display":"","site-post-title":"","ast-breadcrumbs-content":"","ast-featured-img":"","footer-sml-layout":"","theme-transparent-header-meta":"default","adv-header-id-meta":"","stick-header-meta":"","header-above-stick-meta":"","header-main-stick-meta":"","header-below-stick-meta":"","astra-migrate-meta-layouts":"set","ast-page-background-enabled":"default","ast-page-background-meta":{"desktop":{"background-color":"","background-image":"","background-repeat":"repeat","background-position":"center center","background-size":"auto","background-attachment":"scroll","background-type":"","background-media":"","overlay-type":"","overlay-color":"","overlay-gradient":""},"tablet":{"background-color":"","background-image":"","background-repeat":"repeat","background-position":"center center","background-size":"auto","background-attachment":"scroll","background-type":"","background-media":"","overlay-type":"","overlay-color":"","overlay-gradient":""},"mobile":{"background-color":"","background-image":"","background-repeat":"repeat","background-position":"center center","background-size":"auto","background-attachment":"scroll","background-type":"","background-media":"","overlay-type":"","overlay-color":"","overlay-gradient":""}},"ast-content-background-meta":{"desktop":{"background-color":"var(--ast-global-color-5)","background-image":"","background-repeat":"repeat","background-position":"center center","background-size":"auto","background-attachment":"scroll","background-type":"","background-media":"","overlay-type":"","overlay-color":"","overlay-gradient":""},"tablet":{"background-color":"var(--ast-global-color-5)","background-image":"","background-repeat":"repeat","background-position":"center center","background-size":"auto","background-attachment":"scroll","background-type":"","background-media":"","overlay-type":"","overlay-color":"","overlay-gradient":""},"mobile":{"background-color":"var(--ast-global-color-5)","background-image":"","background-repeat":"repeat","background-position":"center center","background-size":"auto","background-attachment":"scroll","background-type":"","background-media":"","overlay-type":"","overlay-color":"","overlay-gradient":""}}},"product_brand":[],"product_cat":[32],"product_tag":[],"class_list":{"0":"post-5226","1":"product","2":"type-product","3":"status-publish","4":"has-post-thumbnail","6":"product_cat-linea-blanca","7":"desktop-align-left","8":"tablet-align-left","9":"mobile-align-left","11":"first","12":"instock","13":"taxable","14":"shipping-taxable","15":"purchasable","16":"product-type-simple"},"aioseo_notices":[],"_links":{"self":[{"href":"https:\/\/mueblesbrambila.com\/index.php\/wp-json\/wp\/v2\/product\/5226","targetHints":{"allow":["GET"]}}],"collection":[{"href":"https:\/\/mueblesbrambila.com\/index.php\/wp-json\/wp\/v2\/product"}],"about":[{"href":"https:\/\/mueblesbrambila.com\/index.php\/wp-json\/wp\/v2\/types\/product"}],"wp:featuredmedia":[{"embeddable":true,"href":"https:\/\/mueblesbrambila.com\/index.php\/wp-json\/wp\/v2\/media\/5227"}],"wp:attachment":[{"href":"https:\/\/mueblesbrambila.com\/index.php\/wp-json\/wp\/v2\/media?parent=5226"}],"wp:term":[{"taxonomy":"product_brand","embeddable":true,"href":"https:\/\/mueblesbrambila.com\/index.php\/wp-json\/wp\/v2\/product_brand?post=5226"},{"taxonomy":"product_cat","embeddable":true,"href":"https:\/\/mueblesbrambila.com\/index.php\/wp-json\/wp\/v2\/product_cat?post=5226"},{"taxonomy":"product_tag","embeddable":true,"href":"https:\/\/mueblesbrambila.com\/index.php\/wp-json\/wp\/v2\/product_tag?post=5226"}],"curies":[{"name":"wp","href":"https:\/\/api.w.org\/{rel}","templated":true}]}}