{"id":5262,"date":"2021-12-01T02:15:46","date_gmt":"2021-12-01T02:15:46","guid":{"rendered":"https:\/\/mueblesbrambila.com\/?post_type=product&#038;p=5262"},"modified":"2023-09-05T00:50:39","modified_gmt":"2023-09-05T00:50:39","slug":"refrigerador-acros-13-pies","status":"publish","type":"product","link":"https:\/\/mueblesbrambila.com\/index.php\/product\/refrigerador-acros-13-pies\/","title":{"rendered":"REFRIGERADOR ACROS 13 PIES MOD. AT1330W"},"content":{"rendered":"<div class=\"specifications-category\">\n<h5 class=\"specifications-category-title\">Datos Generales<\/h5>\n<div class=\"specification\">Alto1: 68.4 cm<\/div>\n<div class=\"specification\">Ancho: 61.0 cm<\/div>\n<div class=\"specification\">Fondo: 70.7 cm<\/div>\n<div class=\"specification\">Peso: 65 kg<\/div>\n<div class=\"specification\">Tipo: Dos Puertas<\/div>\n<div class=\"specification\">Certificaciones: NOM<\/div>\n<div class=\"specification\">Ahorro de Energ\u00eda: 5.0%<\/div>\n<div><\/div>\n<\/div>\n<div class=\"specifications-category\">\n<h5 class=\"specifications-category-title\">Especificaciones T\u00e9cnicas<\/h5>\n<div class=\"specification\">Frecuencia: 60 Hz<\/div>\n<div class=\"specification\">Voltaje: 115 V<\/div>\n<div class=\"specification\">Consumo de Energ\u00eda: 400 Kwh\/a\u00f1o<\/div>\n<\/div>\n<div class=\"specifications-category\">\n<h5 class=\"specifications-category-title\">Caracter\u00edsticas Adicionales<\/h5>\n<p>&nbsp;<\/p>\n<div class=\"specification\">Caracter\u00edsticas adicionales: Auto Defrost, Cubierta de caj\u00f3n para legumbres<\/div>\n<div class=\"specification\">Caracter\u00edsticas adicionales: Charola para hielos<\/div>\n<div class=\"specification\">Jaladeras: Laterales integradas en puerta<\/div>\n<div class=\"specification\">Puertas: Superficie Antifingerprint con decorado<\/div>\n<div class=\"specification\">Puerta Reversible: No<\/div>\n<div><\/div>\n<\/div>\n<div class=\"specifications-category\">\n<h5 class=\"specifications-category-title\">Enfriador<\/h5>\n<div class=\"specification\">Luz Interior: LED<\/div>\n<div class=\"specification\">Parrillas: 2 ajustables de cristal templado, Cubierta de caj\u00f3n de cristal templado<\/div>\n<div class=\"specification\">Cajones: Caj\u00f3n transparente para frutas y verduras, Caj\u00f3n para carnes fr\u00edas<\/div>\n<div class=\"specification\">Anaqueles: 1 ajustable con capacidad de gal\u00f3n, 1 transparente fijo<\/div>\n<div class=\"specification\">Capacidad de Refrigerador: 281.00 L<\/div>\n<div class=\"specification\">Caj\u00f3n Refrigerado: Si<\/div>\n<div><\/div>\n<\/div>\n<div class=\"specifications-category\">\n<h5 class=\"specifications-category-title\">Congelador<\/h5>\n<div class=\"specification\">Luz InteriorNo<\/div>\n<div class=\"specification\">Parrillas: 1 Parrilla de Cristal templado en el congelador<\/div>\n<div class=\"specification\">Anaqueles. 2 anaqueles fijos<\/div>\n<div class=\"specification\">Capacidad del Congelado: 83.00 L<\/div>\n<\/div>\n","protected":false},"excerpt":{"rendered":"<p>MOD. AT1330W<\/p>\n<div>Caracter\u00edsticas principales<\/div>\n<ul>\n<li>\n<div class=\"divProductListInfoDesc\">\n<div>Color del producto:\u00a0Blanco<\/div>\n<\/div>\n<\/li>\n<li>\n<div class=\"divProductListInfoDesc\">\n<div>N\u00famero de compartimientos para verduras:\u00a01<\/div>\n<\/div>\n<\/li>\n<li>\n<div class=\"divProductListInfoDesc\">\n<div>Frigor\u00edfico, capacidad neta:\u00a0281 L<\/div>\n<\/div>\n<\/li>\n<li>\n<div class=\"divProductListInfoDesc\">\n<div>Peso:\u00a065 kg<\/div>\n<\/div>\n<\/li>\n<li>\n<div class=\"divProductListInfoDesc\">\n<div>Tipo de l\u00e1mpara:\u00a0LED<\/div>\n<\/div>\n<\/li>\n<\/ul>\n<p>&nbsp;<\/p>\n<p>&nbsp;<\/p>\n","protected":false},"featured_media":7072,"template":"","meta":{"site-sidebar-layout":"default","site-content-layout":"default","ast-site-content-layout":"default","site-content-style":"default","site-sidebar-style":"default","ast-global-header-display":"","ast-banner-title-visibility":"","ast-main-header-display":"","ast-hfb-above-header-display":"","ast-hfb-below-header-display":"","ast-hfb-mobile-header-display":"","site-post-title":"","ast-breadcrumbs-content":"","ast-featured-img":"","footer-sml-layout":"","theme-transparent-header-meta":"default","adv-header-id-meta":"","stick-header-meta":"","header-above-stick-meta":"","header-main-stick-meta":"","header-below-stick-meta":"","astra-migrate-meta-layouts":"set","ast-page-background-enabled":"default","ast-page-background-meta":{"desktop":{"background-color":"","background-image":"","background-repeat":"repeat","background-position":"center center","background-size":"auto","background-attachment":"scroll","background-type":"","background-media":"","overlay-type":"","overlay-color":"","overlay-gradient":""},"tablet":{"background-color":"","background-image":"","background-repeat":"repeat","background-position":"center center","background-size":"auto","background-attachment":"scroll","background-type":"","background-media":"","overlay-type":"","overlay-color":"","overlay-gradient":""},"mobile":{"background-color":"","background-image":"","background-repeat":"repeat","background-position":"center center","background-size":"auto","background-attachment":"scroll","background-type":"","background-media":"","overlay-type":"","overlay-color":"","overlay-gradient":""}},"ast-content-background-meta":{"desktop":{"background-color":"var(--ast-global-color-5)","background-image":"","background-repeat":"repeat","background-position":"center center","background-size":"auto","background-attachment":"scroll","background-type":"","background-media":"","overlay-type":"","overlay-color":"","overlay-gradient":""},"tablet":{"background-color":"var(--ast-global-color-5)","background-image":"","background-repeat":"repeat","background-position":"center center","background-size":"auto","background-attachment":"scroll","background-type":"","background-media":"","overlay-type":"","overlay-color":"","overlay-gradient":""},"mobile":{"background-color":"var(--ast-global-color-5)","background-image":"","background-repeat":"repeat","background-position":"center center","background-size":"auto","background-attachment":"scroll","background-type":"","background-media":"","overlay-type":"","overlay-color":"","overlay-gradient":""}}},"product_brand":[],"product_cat":[32],"product_tag":[],"class_list":{"0":"post-5262","1":"product","2":"type-product","3":"status-publish","4":"has-post-thumbnail","6":"product_cat-linea-blanca","7":"desktop-align-left","8":"tablet-align-left","9":"mobile-align-left","11":"first","12":"instock","13":"taxable","14":"shipping-taxable","15":"purchasable","16":"product-type-simple"},"aioseo_notices":[],"_links":{"self":[{"href":"https:\/\/mueblesbrambila.com\/index.php\/wp-json\/wp\/v2\/product\/5262","targetHints":{"allow":["GET"]}}],"collection":[{"href":"https:\/\/mueblesbrambila.com\/index.php\/wp-json\/wp\/v2\/product"}],"about":[{"href":"https:\/\/mueblesbrambila.com\/index.php\/wp-json\/wp\/v2\/types\/product"}],"wp:featuredmedia":[{"embeddable":true,"href":"https:\/\/mueblesbrambila.com\/index.php\/wp-json\/wp\/v2\/media\/7072"}],"wp:attachment":[{"href":"https:\/\/mueblesbrambila.com\/index.php\/wp-json\/wp\/v2\/media?parent=5262"}],"wp:term":[{"taxonomy":"product_brand","embeddable":true,"href":"https:\/\/mueblesbrambila.com\/index.php\/wp-json\/wp\/v2\/product_brand?post=5262"},{"taxonomy":"product_cat","embeddable":true,"href":"https:\/\/mueblesbrambila.com\/index.php\/wp-json\/wp\/v2\/product_cat?post=5262"},{"taxonomy":"product_tag","embeddable":true,"href":"https:\/\/mueblesbrambila.com\/index.php\/wp-json\/wp\/v2\/product_tag?post=5262"}],"curies":[{"name":"wp","href":"https:\/\/api.w.org\/{rel}","templated":true}]}}

<div class="specifications-category">
<h5 class="specifications-category-title">Datos Generales</h5>
<div class="specification">Alto1: 68.4 cm</div>
<div class="specification">Ancho: 61.0 cm</div>
<div class="specification">Fondo: 70.7 cm</div>
<div class="specification">Peso: 65 kg</div>
<div class="specification">Tipo: Dos Puertas</div>
<div class="specification">Certificaciones: NOM</div>
<div class="specification">Ahorro de Energía: 5.0%</div>
<div></div>
</div>
<div class="specifications-category">
<h5 class="specifications-category-title">Especificaciones Técnicas</h5>
<div class="specification">Frecuencia: 60 Hz</div>
<div class="specification">Voltaje: 115 V</div>
<div class="specification">Consumo de Energía: 400 Kwh/año</div>
</div>
<div class="specifications-category">
<h5 class="specifications-category-title">Características Adicionales</h5>
<p>&nbsp;</p>
<div class="specification">Características adicionales: Auto Defrost, Cubierta de cajón para legumbres</div>
<div class="specification">Características adicionales: Charola para hielos</div>
<div class="specification">Jaladeras: Laterales integradas en puerta</div>
<div class="specification">Puertas: Superficie Antifingerprint con decorado</div>
<div class="specification">Puerta Reversible: No</div>
<div></div>
</div>
<div class="specifications-category">
<h5 class="specifications-category-title">Enfriador</h5>
<div class="specification">Luz Interior: LED</div>
<div class="specification">Parrillas: 2 ajustables de cristal templado, Cubierta de cajón de cristal templado</div>
<div class="specification">Cajones: Cajón transparente para frutas y verduras, Cajón para carnes frías</div>
<div class="specification">Anaqueles: 1 ajustable con capacidad de galón, 1 transparente fijo</div>
<div class="specification">Capacidad de Refrigerador: 281.00 L</div>
<div class="specification">Cajón Refrigerado: Si</div>
<div></div>
</div>
<div class="specifications-category">
<h5 class="specifications-category-title">Congelador</h5>
<div class="specification">Luz InteriorNo</div>
<div class="specification">Parrillas: 1 Parrilla de Cristal templado en el congelador</div>
<div class="specification">Anaqueles. 2 anaqueles fijos</div>
<div class="specification">Capacidad del Congelado: 83.00 L</div>
</div>

<p>MOD. AT1330W</p>
<div>Características principales</div>
<ul>
<li>
<div class="divProductListInfoDesc">
<div>Color del producto: Blanco</div>
</div>
</li>
<li>
<div class="divProductListInfoDesc">
<div>Número de compartimientos para verduras: 1</div>
</div>
</li>
<li>
<div class="divProductListInfoDesc">
<div>Frigorífico, capacidad neta: 281 L</div>
</div>
</li>
<li>
<div class="divProductListInfoDesc">
<div>Peso: 65 kg</div>
</div>
</li>
<li>
<div class="divProductListInfoDesc">
<div>Tipo de lámpara: LED</div>
</div>
</li>
</ul>
<p>&nbsp;</p>
<p>&nbsp;</p>
