{"id":5272,"date":"2021-12-01T06:09:06","date_gmt":"2021-12-01T06:09:06","guid":{"rendered":"https:\/\/mueblesbrambila.com\/?post_type=product&#038;p=5272"},"modified":"2023-10-20T17:29:43","modified_gmt":"2023-10-20T17:29:43","slug":"gibson-home","status":"publish","type":"product","link":"https:\/\/mueblesbrambila.com\/index.php\/product\/gibson-home\/","title":{"rendered":"BATERIA DE CERAMICA 7 PIEZAS GIBSON HOME"},"content":{"rendered":"<ul>\n<li>La construcci\u00f3n de aluminio forjado se calienta de manera r\u00e1pida y uniforme para una cocci\u00f3n precisa; perfecto para todo, desde abrasi\u00f3n hasta cocci\u00f3n lenta.<\/li>\n<li>El antiadherente s\u00faper liso permite la liberaci\u00f3n de alimentos sin esfuerzo y promueve la salud, baja cocci\u00f3n al aceite; fabricado sin pfas, pfoa, plomo y cadmio para una cocci\u00f3n segura y sin humos.<\/li>\n<li>El mango suave al tacto es resistente al calor y proporciona un agarre c\u00f3modo y resistente para un manejo m\u00e1s seguro.<\/li>\n<li>Este hermoso juego de utensilios de cocina\u00a0 es el mejor juego para tener en cualquier hogar.<\/li>\n<li>El juego tiene un revestimiento interior antiadherente y un mango de baquelita de tacto suave.<\/li>\n<li>El juego de utensilios de cocina tambi\u00e9n viene con un juego de esp\u00e1tula y cuchara.<\/li>\n<li>Este juego es perfecto para el chef principiante o el profesional.<\/li>\n<li>El juego es completo para cualquier cosa que est\u00e9s cocinando, ya sea pasta, guiso para fre\u00edr pescado o pollo.<\/li>\n<li>Puede utilizar los utensilios de cocina sobre cocinas de gas, hal\u00f3genas, el\u00e9ctricas y de inducci\u00f3n.<\/li>\n<li>Revestimiento interior antiadherente y mango de baquelita de tacto suave.<\/li>\n<li>Lavar a mano \u00fanicamente<\/li>\n<\/ul>\n","protected":false},"excerpt":{"rendered":"<p>Modelo: GIBSON 123878.07<\/p>\n<p><strong>El juego de 7 piezas incluye:<\/strong><\/p>\n<ul>\n<li>Sart\u00e9n de 7 cuartos con tapa<\/li>\n<li>Horno holand\u00e9s de 5 cuartos con tapa<\/li>\n<li>Sart\u00e9n de 5 \u00ab<\/li>\n<li>2 herramientas de silicona con mango de madera<\/li>\n<\/ul>\n","protected":false},"featured_media":7533,"template":"","meta":{"site-sidebar-layout":"default","site-content-layout":"default","ast-site-content-layout":"default","site-content-style":"default","site-sidebar-style":"default","ast-global-header-display":"","ast-banner-title-visibility":"","ast-main-header-display":"","ast-hfb-above-header-display":"","ast-hfb-below-header-display":"","ast-hfb-mobile-header-display":"","site-post-title":"","ast-breadcrumbs-content":"","ast-featured-img":"","footer-sml-layout":"","theme-transparent-header-meta":"default","adv-header-id-meta":"","stick-header-meta":"","header-above-stick-meta":"","header-main-stick-meta":"","header-below-stick-meta":"","astra-migrate-meta-layouts":"set","ast-page-background-enabled":"default","ast-page-background-meta":{"desktop":{"background-color":"","background-image":"","background-repeat":"repeat","background-position":"center center","background-size":"auto","background-attachment":"scroll","background-type":"","background-media":"","overlay-type":"","overlay-color":"","overlay-gradient":""},"tablet":{"background-color":"","background-image":"","background-repeat":"repeat","background-position":"center center","background-size":"auto","background-attachment":"scroll","background-type":"","background-media":"","overlay-type":"","overlay-color":"","overlay-gradient":""},"mobile":{"background-color":"","background-image":"","background-repeat":"repeat","background-position":"center center","background-size":"auto","background-attachment":"scroll","background-type":"","background-media":"","overlay-type":"","overlay-color":"","overlay-gradient":""}},"ast-content-background-meta":{"desktop":{"background-color":"var(--ast-global-color-5)","background-image":"","background-repeat":"repeat","background-position":"center center","background-size":"auto","background-attachment":"scroll","background-type":"","background-media":"","overlay-type":"","overlay-color":"","overlay-gradient":""},"tablet":{"background-color":"var(--ast-global-color-5)","background-image":"","background-repeat":"repeat","background-position":"center center","background-size":"auto","background-attachment":"scroll","background-type":"","background-media":"","overlay-type":"","overlay-color":"","overlay-gradient":""},"mobile":{"background-color":"var(--ast-global-color-5)","background-image":"","background-repeat":"repeat","background-position":"center center","background-size":"auto","background-attachment":"scroll","background-type":"","background-media":"","overlay-type":"","overlay-color":"","overlay-gradient":""}}},"product_brand":[],"product_cat":[38],"product_tag":[],"class_list":{"0":"post-5272","1":"product","2":"type-product","3":"status-publish","4":"has-post-thumbnail","6":"product_cat-decoracion","7":"desktop-align-left","8":"tablet-align-left","9":"mobile-align-left","11":"first","12":"instock","13":"taxable","14":"shipping-taxable","15":"purchasable","16":"product-type-simple"},"aioseo_notices":[],"_links":{"self":[{"href":"https:\/\/mueblesbrambila.com\/index.php\/wp-json\/wp\/v2\/product\/5272","targetHints":{"allow":["GET"]}}],"collection":[{"href":"https:\/\/mueblesbrambila.com\/index.php\/wp-json\/wp\/v2\/product"}],"about":[{"href":"https:\/\/mueblesbrambila.com\/index.php\/wp-json\/wp\/v2\/types\/product"}],"wp:featuredmedia":[{"embeddable":true,"href":"https:\/\/mueblesbrambila.com\/index.php\/wp-json\/wp\/v2\/media\/7533"}],"wp:attachment":[{"href":"https:\/\/mueblesbrambila.com\/index.php\/wp-json\/wp\/v2\/media?parent=5272"}],"wp:term":[{"taxonomy":"product_brand","embeddable":true,"href":"https:\/\/mueblesbrambila.com\/index.php\/wp-json\/wp\/v2\/product_brand?post=5272"},{"taxonomy":"product_cat","embeddable":true,"href":"https:\/\/mueblesbrambila.com\/index.php\/wp-json\/wp\/v2\/product_cat?post=5272"},{"taxonomy":"product_tag","embeddable":true,"href":"https:\/\/mueblesbrambila.com\/index.php\/wp-json\/wp\/v2\/product_tag?post=5272"}],"curies":[{"name":"wp","href":"https:\/\/api.w.org\/{rel}","templated":true}]}}