{"id":5373,"date":"2021-12-01T16:10:42","date_gmt":"2021-12-01T16:10:42","guid":{"rendered":"https:\/\/mueblesbrambila.com\/?post_type=product&#038;p=5373"},"modified":"2023-10-07T00:35:07","modified_gmt":"2023-10-07T00:35:07","slug":"sarten-t-fal-20-cm","status":"publish","type":"product","link":"https:\/\/mueblesbrambila.com\/index.php\/product\/sarten-t-fal-20-cm\/","title":{"rendered":"SARTNEN 20 CM SIMPLICITY BLACK T-FAL  B5750282"},"content":{"rendered":"<p>Con la\u00a0<strong>sart\u00e9n de aluminio 20 cm Simplicity B5750282 T-Fal<\/strong>\u00a0con recubrimiento antiadherente Easy Plus\u00a0<strong>cocina f\u00e1cil y limpia<\/strong>\u00a0sin esfuerzo.<\/p>\n<p>Resultados sobresalientes gracias a su\u00a0<strong>Diffusion Base<\/strong>\u00a0para una cocci\u00f3n homog\u00e9nea. Con la exclusiva\u00a0<strong>Thermo-Se\u00f1al<\/strong>\u00a0cambia de color cuando alcanza la temperatura \u00f3ptima para cocinar.<\/p>\n<p>Agrega este producto a tu carrito y rec\u00edbelo en tu domicilio o rec\u00f3gelo en una de las sucursales de\u00a0<strong>Almacenes \u00c1nfora<\/strong>.Tenemos m\u00e1s de 70 a\u00f1os formando parte de millones de hogares y negocios mexicanos ofreciendo electrodom\u00e9sticos, bater\u00edas, ollas, vajillas, utensilios y algo m\u00e1s.<\/p>\n","protected":false},"excerpt":{"rendered":"<p>MOD. B5750282<\/p>\n<table id=\"product-attribute-specs-table\" class=\"data table additional-attributes\">\n<tbody>\n<tr>\n<th class=\"col label\" scope=\"row\">Color<\/th>\n<td class=\"col data\" data-th=\"Color\">Negro<\/td>\n<\/tr>\n<tr>\n<th class=\"col label\" scope=\"row\">Material<\/th>\n<td class=\"col data\" data-th=\"Material\">Aluminio<\/td>\n<\/tr>\n<tr>\n<th class=\"col label\" scope=\"row\">Medidas<\/th>\n<td class=\"col data\" data-th=\"Medidas\">4 x 20 x 20 cm. Mango 2.5 x 16 x 3 cm<\/td>\n<\/tr>\n<tr>\n<th class=\"col label\" scope=\"row\">Peso<\/th>\n<td class=\"col data\" data-th=\"Peso\">324 g<\/td>\n<\/tr>\n<tr>\n<th class=\"col label\" scope=\"row\">Modelo<\/th>\n<td class=\"col data\" data-th=\"Modelo\">B5750282<\/td>\n<\/tr>\n<\/tbody>\n<\/table>\n","protected":false},"featured_media":7350,"template":"","meta":{"site-sidebar-layout":"default","site-content-layout":"default","ast-site-content-layout":"default","site-content-style":"default","site-sidebar-style":"default","ast-global-header-display":"","ast-banner-title-visibility":"","ast-main-header-display":"","ast-hfb-above-header-display":"","ast-hfb-below-header-display":"","ast-hfb-mobile-header-display":"","site-post-title":"","ast-breadcrumbs-content":"","ast-featured-img":"","footer-sml-layout":"","theme-transparent-header-meta":"default","adv-header-id-meta":"","stick-header-meta":"","header-above-stick-meta":"","header-main-stick-meta":"","header-below-stick-meta":"","astra-migrate-meta-layouts":"set","ast-page-background-enabled":"default","ast-page-background-meta":{"desktop":{"background-color":"","background-image":"","background-repeat":"repeat","background-position":"center center","background-size":"auto","background-attachment":"scroll","background-type":"","background-media":"","overlay-type":"","overlay-color":"","overlay-gradient":""},"tablet":{"background-color":"","background-image":"","background-repeat":"repeat","background-position":"center center","background-size":"auto","background-attachment":"scroll","background-type":"","background-media":"","overlay-type":"","overlay-color":"","overlay-gradient":""},"mobile":{"background-color":"","background-image":"","background-repeat":"repeat","background-position":"center center","background-size":"auto","background-attachment":"scroll","background-type":"","background-media":"","overlay-type":"","overlay-color":"","overlay-gradient":""}},"ast-content-background-meta":{"desktop":{"background-color":"var(--ast-global-color-5)","background-image":"","background-repeat":"repeat","background-position":"center center","background-size":"auto","background-attachment":"scroll","background-type":"","background-media":"","overlay-type":"","overlay-color":"","overlay-gradient":""},"tablet":{"background-color":"var(--ast-global-color-5)","background-image":"","background-repeat":"repeat","background-position":"center center","background-size":"auto","background-attachment":"scroll","background-type":"","background-media":"","overlay-type":"","overlay-color":"","overlay-gradient":""},"mobile":{"background-color":"var(--ast-global-color-5)","background-image":"","background-repeat":"repeat","background-position":"center center","background-size":"auto","background-attachment":"scroll","background-type":"","background-media":"","overlay-type":"","overlay-color":"","overlay-gradient":""}}},"product_brand":[],"product_cat":[38],"product_tag":[],"class_list":{"0":"post-5373","1":"product","2":"type-product","3":"status-publish","4":"has-post-thumbnail","6":"product_cat-decoracion","7":"desktop-align-left","8":"tablet-align-left","9":"mobile-align-left","11":"first","12":"instock","13":"taxable","14":"shipping-taxable","15":"purchasable","16":"product-type-simple"},"aioseo_notices":[],"_links":{"self":[{"href":"https:\/\/mueblesbrambila.com\/index.php\/wp-json\/wp\/v2\/product\/5373","targetHints":{"allow":["GET"]}}],"collection":[{"href":"https:\/\/mueblesbrambila.com\/index.php\/wp-json\/wp\/v2\/product"}],"about":[{"href":"https:\/\/mueblesbrambila.com\/index.php\/wp-json\/wp\/v2\/types\/product"}],"wp:featuredmedia":[{"embeddable":true,"href":"https:\/\/mueblesbrambila.com\/index.php\/wp-json\/wp\/v2\/media\/7350"}],"wp:attachment":[{"href":"https:\/\/mueblesbrambila.com\/index.php\/wp-json\/wp\/v2\/media?parent=5373"}],"wp:term":[{"taxonomy":"product_brand","embeddable":true,"href":"https:\/\/mueblesbrambila.com\/index.php\/wp-json\/wp\/v2\/product_brand?post=5373"},{"taxonomy":"product_cat","embeddable":true,"href":"https:\/\/mueblesbrambila.com\/index.php\/wp-json\/wp\/v2\/product_cat?post=5373"},{"taxonomy":"product_tag","embeddable":true,"href":"https:\/\/mueblesbrambila.com\/index.php\/wp-json\/wp\/v2\/product_tag?post=5373"}],"curies":[{"name":"wp","href":"https:\/\/api.w.org\/{rel}","templated":true}]}}