{"id":5383,"date":"2021-12-01T16:16:16","date_gmt":"2021-12-01T16:16:16","guid":{"rendered":"https:\/\/mueblesbrambila.com\/?post_type=product&#038;p=5383"},"modified":"2023-10-06T18:22:40","modified_gmt":"2023-10-06T18:22:40","slug":"sarten-t-fal-32-cm","status":"publish","type":"product","link":"https:\/\/mueblesbrambila.com\/index.php\/product\/sarten-t-fal-32-cm\/","title":{"rendered":"SARTEN 32CM SIMPLICITY BLACK T-FAL B5750882"},"content":{"rendered":"<p>SART\u00c9N DE 32 CM SIMPLICITY T-FAL<\/p>\n<p>Dise\u00f1ado para alcanzar tu mayor potencial de la cocina el modelo Simplicity es f\u00e1cil de usar, gracias a su exclusivo sistema Thermo-Spot permite saber cuando el sart\u00e9n esta a la temperatura ideal para comenzar a cocinar. Su versi\u00f3n mejorada de antiadherente Powerglide lo hace m\u00e1s resistente.<\/p>\n<p>CARACTER\u00cdSTICAS<\/p>\n<p>Marca: T-FAL<br \/>\nModelo: B5750882<br \/>\nDi\u00e1metro: 32 cm<br \/>\nLargo total: 55.5 cm<br \/>\nAltura: 4 cm<br \/>\nMaterial: Aluminio<br \/>\nColor: Negro<\/p>\n<p>ESPECIFICACIONES<\/p>\n<p>&#8211; Facilidad para la Cocina Diaria<br \/>\n&#8211; Compatible con estufas de gas, vitrocer\u00e1mica y el\u00e9ctricas.<br \/>\n&#8211; Apto para lavavajillas<br \/>\n&#8211; Ideal para cocinar entre 5 y 6 personas<br \/>\n&#8211; Sellado perfecto gracias a la tecnologia Thermo-Spot<br \/>\n&#8211; Antiadherente Resistente y Seguro EASY PLUS NON-STICK<br \/>\n&#8211; Libre de PFOA<br \/>\n&#8211; Cocci\u00f3n Homog\u00e9nea<\/p>\n","protected":false},"excerpt":{"rendered":"<p>MOD. B5750882<\/p>\n<p>CARACTER\u00cdSTICAS<\/p>\n<p>Marca: T-FAL<br \/>\nModelo: B5750882<br \/>\nDi\u00e1metro: 32 cm<br \/>\nLargo total: 55.5 cm<br \/>\nAltura: 4 cm<br \/>\nMaterial: Aluminio<br \/>\nColor: Negro<\/p>\n","protected":false},"featured_media":7324,"template":"","meta":{"site-sidebar-layout":"default","site-content-layout":"default","ast-site-content-layout":"default","site-content-style":"default","site-sidebar-style":"default","ast-global-header-display":"","ast-banner-title-visibility":"","ast-main-header-display":"","ast-hfb-above-header-display":"","ast-hfb-below-header-display":"","ast-hfb-mobile-header-display":"","site-post-title":"","ast-breadcrumbs-content":"","ast-featured-img":"","footer-sml-layout":"","theme-transparent-header-meta":"default","adv-header-id-meta":"","stick-header-meta":"","header-above-stick-meta":"","header-main-stick-meta":"","header-below-stick-meta":"","astra-migrate-meta-layouts":"set","ast-page-background-enabled":"default","ast-page-background-meta":{"desktop":{"background-color":"","background-image":"","background-repeat":"repeat","background-position":"center center","background-size":"auto","background-attachment":"scroll","background-type":"","background-media":"","overlay-type":"","overlay-color":"","overlay-gradient":""},"tablet":{"background-color":"","background-image":"","background-repeat":"repeat","background-position":"center center","background-size":"auto","background-attachment":"scroll","background-type":"","background-media":"","overlay-type":"","overlay-color":"","overlay-gradient":""},"mobile":{"background-color":"","background-image":"","background-repeat":"repeat","background-position":"center center","background-size":"auto","background-attachment":"scroll","background-type":"","background-media":"","overlay-type":"","overlay-color":"","overlay-gradient":""}},"ast-content-background-meta":{"desktop":{"background-color":"var(--ast-global-color-5)","background-image":"","background-repeat":"repeat","background-position":"center center","background-size":"auto","background-attachment":"scroll","background-type":"","background-media":"","overlay-type":"","overlay-color":"","overlay-gradient":""},"tablet":{"background-color":"var(--ast-global-color-5)","background-image":"","background-repeat":"repeat","background-position":"center center","background-size":"auto","background-attachment":"scroll","background-type":"","background-media":"","overlay-type":"","overlay-color":"","overlay-gradient":""},"mobile":{"background-color":"var(--ast-global-color-5)","background-image":"","background-repeat":"repeat","background-position":"center center","background-size":"auto","background-attachment":"scroll","background-type":"","background-media":"","overlay-type":"","overlay-color":"","overlay-gradient":""}}},"product_brand":[],"product_cat":[38],"product_tag":[],"class_list":{"0":"post-5383","1":"product","2":"type-product","3":"status-publish","4":"has-post-thumbnail","6":"product_cat-decoracion","7":"desktop-align-left","8":"tablet-align-left","9":"mobile-align-left","11":"first","12":"instock","13":"taxable","14":"shipping-taxable","15":"purchasable","16":"product-type-simple"},"aioseo_notices":[],"_links":{"self":[{"href":"https:\/\/mueblesbrambila.com\/index.php\/wp-json\/wp\/v2\/product\/5383","targetHints":{"allow":["GET"]}}],"collection":[{"href":"https:\/\/mueblesbrambila.com\/index.php\/wp-json\/wp\/v2\/product"}],"about":[{"href":"https:\/\/mueblesbrambila.com\/index.php\/wp-json\/wp\/v2\/types\/product"}],"wp:featuredmedia":[{"embeddable":true,"href":"https:\/\/mueblesbrambila.com\/index.php\/wp-json\/wp\/v2\/media\/7324"}],"wp:attachment":[{"href":"https:\/\/mueblesbrambila.com\/index.php\/wp-json\/wp\/v2\/media?parent=5383"}],"wp:term":[{"taxonomy":"product_brand","embeddable":true,"href":"https:\/\/mueblesbrambila.com\/index.php\/wp-json\/wp\/v2\/product_brand?post=5383"},{"taxonomy":"product_cat","embeddable":true,"href":"https:\/\/mueblesbrambila.com\/index.php\/wp-json\/wp\/v2\/product_cat?post=5383"},{"taxonomy":"product_tag","embeddable":true,"href":"https:\/\/mueblesbrambila.com\/index.php\/wp-json\/wp\/v2\/product_tag?post=5383"}],"curies":[{"name":"wp","href":"https:\/\/api.w.org\/{rel}","templated":true}]}}