{"id":6027,"date":"2021-12-28T00:57:30","date_gmt":"2021-12-28T00:57:30","guid":{"rendered":"https:\/\/mueblesbrambila.com\/?post_type=product&#038;p=6027"},"modified":"2025-07-30T01:47:00","modified_gmt":"2025-07-30T01:47:00","slug":"colchon-wendy-valencia","status":"publish","type":"product","link":"https:\/\/mueblesbrambila.com\/index.php\/product\/colchon-wendy-valencia\/","title":{"rendered":"COLCHON WENDY VALENCIA"},"content":{"rendered":"<p>Colch\u00f3n Wendy Valencia con resorte continuo tipo Infiniflex. Colchoneta Pillowtop de 6 cm que brinda confort extra a tu descanso. Suave y fresca tela tejido de calidad premium. Tecnolog\u00eda \u201cCero Vueltas\u201d que no necesita voltearse. Nivel de confort Medio<br \/>\nEl box est\u00e1 armado e incluye 6 patas met\u00e1licas con una altura aproximada de 10 cm. Las patas vienen por separado para facilitar su manejo y cuidado en el traslado.<br \/>\nNuestra base est\u00e1 tapizada en tela importada color gris. Estructura de madera de pino reforzada con nitrocelulosa.<\/p>\n<p>Colch\u00f3n Wendy Valencia<br \/>\nUna actitud positiva, comienza con un buen descanso! Nuestro colch\u00f3n Wendy Valencia cuenta con una Colchoneta Pillowtop de 6 cm brindando confort y soporte zonificado. Unidad de resorte continuo Infiniflex by Miracoil. El colch\u00f3n se adapta a cada parte de tu cuerpo. Cuenta con un nivel de confort Medio y con tecnolog\u00eda \u201cCero Vueltas\u201d, que no necesita voltearse.<br \/>\nSu unidad de resorte continuo Infiniflex by Miracoil se compone de espirales continuas en forma de \u201cZ\u201d con zonas de soporte y confort para las diferentes partes del cuerpo y centro reforzado para brindar mayor firmeza en la zona que el cuerpo lo necesita. Suave tejido circular de importaci\u00f3n, con micro perforaciones, que combina suavidad, durabilidad, confort, y frescura, adem\u00e1s permiten la adecuada circulaci\u00f3n del aire manteniendo la cama fresca durante el sue\u00f1o. Tratamiento anti \u00e1caros y bacterias.<br \/>\nN\u00famero de Resortes: Matrimonial: 442<br \/>\nMedidas aproximadas: Matrimonial 136 x 190 cm | 28 cm de altura.<\/p>\n","protected":false},"excerpt":{"rendered":"<p>N\u00famero de Resortes: Matrimonial: 442<br \/>\nMedidas aproximadas: Matrimonial 136 x 190 cm | 28 cm de altura.<\/p>\n","protected":false},"featured_media":8671,"template":"","meta":{"site-sidebar-layout":"default","site-content-layout":"default","ast-site-content-layout":"default","site-content-style":"default","site-sidebar-style":"default","ast-global-header-display":"","ast-banner-title-visibility":"","ast-main-header-display":"","ast-hfb-above-header-display":"","ast-hfb-below-header-display":"","ast-hfb-mobile-header-display":"","site-post-title":"","ast-breadcrumbs-content":"","ast-featured-img":"","footer-sml-layout":"","theme-transparent-header-meta":"default","adv-header-id-meta":"","stick-header-meta":"","header-above-stick-meta":"","header-main-stick-meta":"","header-below-stick-meta":"","astra-migrate-meta-layouts":"set","ast-page-background-enabled":"default","ast-page-background-meta":{"desktop":{"background-color":"","background-image":"","background-repeat":"repeat","background-position":"center center","background-size":"auto","background-attachment":"scroll","background-type":"","background-media":"","overlay-type":"","overlay-color":"","overlay-gradient":""},"tablet":{"background-color":"","background-image":"","background-repeat":"repeat","background-position":"center center","background-size":"auto","background-attachment":"scroll","background-type":"","background-media":"","overlay-type":"","overlay-color":"","overlay-gradient":""},"mobile":{"background-color":"","background-image":"","background-repeat":"repeat","background-position":"center center","background-size":"auto","background-attachment":"scroll","background-type":"","background-media":"","overlay-type":"","overlay-color":"","overlay-gradient":""}},"ast-content-background-meta":{"desktop":{"background-color":"var(--ast-global-color-5)","background-image":"","background-repeat":"repeat","background-position":"center center","background-size":"auto","background-attachment":"scroll","background-type":"","background-media":"","overlay-type":"","overlay-color":"","overlay-gradient":""},"tablet":{"background-color":"var(--ast-global-color-5)","background-image":"","background-repeat":"repeat","background-position":"center center","background-size":"auto","background-attachment":"scroll","background-type":"","background-media":"","overlay-type":"","overlay-color":"","overlay-gradient":""},"mobile":{"background-color":"var(--ast-global-color-5)","background-image":"","background-repeat":"repeat","background-position":"center center","background-size":"auto","background-attachment":"scroll","background-type":"","background-media":"","overlay-type":"","overlay-color":"","overlay-gradient":""}}},"product_brand":[],"product_cat":[47],"product_tag":[],"class_list":{"0":"post-6027","1":"product","2":"type-product","3":"status-publish","4":"has-post-thumbnail","6":"product_cat-colchones","7":"desktop-align-left","8":"tablet-align-left","9":"mobile-align-left","11":"first","12":"instock","13":"taxable","14":"shipping-taxable","15":"purchasable","16":"product-type-simple"},"aioseo_notices":[],"_links":{"self":[{"href":"https:\/\/mueblesbrambila.com\/index.php\/wp-json\/wp\/v2\/product\/6027","targetHints":{"allow":["GET"]}}],"collection":[{"href":"https:\/\/mueblesbrambila.com\/index.php\/wp-json\/wp\/v2\/product"}],"about":[{"href":"https:\/\/mueblesbrambila.com\/index.php\/wp-json\/wp\/v2\/types\/product"}],"wp:featuredmedia":[{"embeddable":true,"href":"https:\/\/mueblesbrambila.com\/index.php\/wp-json\/wp\/v2\/media\/8671"}],"wp:attachment":[{"href":"https:\/\/mueblesbrambila.com\/index.php\/wp-json\/wp\/v2\/media?parent=6027"}],"wp:term":[{"taxonomy":"product_brand","embeddable":true,"href":"https:\/\/mueblesbrambila.com\/index.php\/wp-json\/wp\/v2\/product_brand?post=6027"},{"taxonomy":"product_cat","embeddable":true,"href":"https:\/\/mueblesbrambila.com\/index.php\/wp-json\/wp\/v2\/product_cat?post=6027"},{"taxonomy":"product_tag","embeddable":true,"href":"https:\/\/mueblesbrambila.com\/index.php\/wp-json\/wp\/v2\/product_tag?post=6027"}],"curies":[{"name":"wp","href":"https:\/\/api.w.org\/{rel}","templated":true}]}}