{"id":6847,"date":"2023-08-18T19:29:20","date_gmt":"2023-08-18T19:29:20","guid":{"rendered":"https:\/\/mueblesbrambila.com\/?post_type=product&#038;p=6847"},"modified":"2023-08-18T19:35:09","modified_gmt":"2023-08-18T19:35:09","slug":"bocina-kaiser-15-con-tripie","status":"publish","type":"product","link":"https:\/\/mueblesbrambila.com\/index.php\/product\/bocina-kaiser-15-con-tripie\/","title":{"rendered":"BOCINA KAISER 15&#8243; CON TRIPIE"},"content":{"rendered":"<div class=\"productDetailTab\">Bafle profesional recargable 15&#8243; 25,000 W PMPO con tripi\u00e9 y micr\u00f3fono al\u00e1mbrico. Tecnolog\u00eda KSR-LINK permite enlazar otra bocina con la misma tecnolog\u00eda. Bluetooth con alcance de 10 m. Potencia de audio 25,000 W PMPO\/40 W RMS. Radio FM. Terminales para bater\u00eda externa. Led indicador de estatus de la bater\u00eda. Incluye cable para cargar bater\u00eda. Perillas independientes de volumen general, graves, agudos, micr\u00f3fono y eco. Funciones: grabar audio y prioridad de audio del micr\u00f3fono. Display y controles de reproducci\u00f3n. Impedancia 4 ohm. Entradas: 3.5 mm para dispositivos de audio, 6.3 mm para micr\u00f3fono, USB y micro SD<\/div>\n<div>\n<p class=\"tabsSpecsDetail\">Especificaciones<\/p>\n<div class=\"o-product__productSpecsList d-lg-block\">\n<div class=\"mb-grouped\">\n<div id=\"object\" class=\"card-grouping card-header d-flex justify-content-between align-items-center\" data-target=\"#target\" aria-expanded=\"true\" aria-controls=\"target\">\n<h3 class=\"groupedText\">General<\/h3>\n<p>&nbsp;<\/p>\n<\/div>\n<div id=\"target\" class=\"show-accord mt-grouped\" aria-labelledby=\"object\">\n<div class=\"row card-body pt-0 pb-lg-0 in-left\">\n<div class=\"col-6\">\n<table class=\"table a-product__paragraphProductSpecs table-border-detail size-detail\">\n<thead><\/thead>\n<tbody>\n<tr>\n<td><span class=\"productSpecsGrouped_bold\">Color<\/span><\/td>\n<td><span class=\"productSpecsGrouped_regular\">Negro<\/span><\/td>\n<\/tr>\n<\/tbody>\n<tbody>\n<tr>\n<td><span class=\"productSpecsGrouped_bold\">Tipo de producto<\/span><\/td>\n<td><span class=\"productSpecsGrouped_regular\">Bafle de piso<\/span><\/td>\n<\/tr>\n<\/tbody>\n<\/table>\n<\/div>\n<div class=\"col-6\">\n<table class=\"table a-product__paragraphProductSpecs table-border-detail size-detail\">\n<thead><\/thead>\n<tbody>\n<tr>\n<td><span class=\"productSpecsGrouped_bold\">Marca<\/span><\/td>\n<td><span class=\"productSpecsGrouped_regular\">KAISER<\/span><\/td>\n<\/tr>\n<\/tbody>\n<tbody>\n<tr>\n<td><span class=\"productSpecsGrouped_bold\">Modelo comercial<\/span><\/td>\n<td><span class=\"productSpecsGrouped_regular\">KSW-5015<\/span><\/td>\n<\/tr>\n<\/tbody>\n<\/table>\n<\/div>\n<\/div>\n<\/div>\n<div id=\"object\" class=\"card-grouping card-header d-flex justify-content-between align-items-center\" data-target=\"#target\" aria-expanded=\"true\" aria-controls=\"target\">\n<h3 class=\"groupedText\">Dimensiones<\/h3>\n<p>&nbsp;<\/p>\n<\/div>\n<div id=\"target\" class=\"show-accord mt-grouped\" aria-labelledby=\"object\">\n<div class=\"row card-body pt-0 pb-lg-0 in-left\">\n<div class=\"col-6\">\n<table class=\"table a-product__paragraphProductSpecs table-border-detail size-detail\">\n<thead><\/thead>\n<tbody>\n<tr>\n<td><span class=\"productSpecsGrouped_bold\">Peso del producto<\/span><\/td>\n<td><span class=\"productSpecsGrouped_regular\">9,08 kg<\/span><\/td>\n<\/tr>\n<\/tbody>\n<tbody>\n<tr>\n<td><span class=\"productSpecsGrouped_bold\">Alto del producto<\/span><\/td>\n<td><span class=\"productSpecsGrouped_regular\">60 cm<\/span><\/td>\n<\/tr>\n<\/tbody>\n<\/table>\n<\/div>\n<div class=\"col-6\">\n<table class=\"table a-product__paragraphProductSpecs table-border-detail size-detail\">\n<thead><\/thead>\n<tbody>\n<tr>\n<td><span class=\"productSpecsGrouped_bold\">Ancho del producto<\/span><\/td>\n<td><span class=\"productSpecsGrouped_regular\">32 cm<\/span><\/td>\n<\/tr>\n<\/tbody>\n<tbody>\n<tr>\n<td><span class=\"productSpecsGrouped_bold\">Profundidad del producto<\/span><\/td>\n<td><span class=\"productSpecsGrouped_regular\">35.5. cm<\/span><\/td>\n<\/tr>\n<\/tbody>\n<\/table>\n<\/div>\n<\/div>\n<\/div>\n<div id=\"object\" class=\"card-grouping card-header d-flex justify-content-between align-items-center\" data-target=\"#target\" aria-expanded=\"true\" aria-controls=\"target\">\n<h3 class=\"groupedText\">Detalles<\/h3>\n<p>&nbsp;<\/p>\n<\/div>\n<div id=\"target\" class=\"show-accord mt-grouped\" aria-labelledby=\"object\">\n<div class=\"row card-body pt-0 pb-lg-0 in-left\">\n<div class=\"col-6\">\n<table class=\"table a-product__paragraphProductSpecs table-border-detail size-detail\">\n<thead><\/thead>\n<tbody>\n<tr>\n<td><span class=\"productSpecsGrouped_bold\">Radio<\/span><\/td>\n<td><span class=\"productSpecsGrouped_regular\">S\u00ed<\/span><\/td>\n<\/tr>\n<\/tbody>\n<tbody>\n<tr>\n<td><span class=\"productSpecsGrouped_bold\">Iluminaci\u00f3n<\/span><\/td>\n<td><span class=\"productSpecsGrouped_regular\">S\u00ed<\/span><\/td>\n<\/tr>\n<\/tbody>\n<\/table>\n<\/div>\n<div class=\"col-6\">\n<table class=\"table a-product__paragraphProductSpecs table-border-detail size-detail\">\n<thead><\/thead>\n<tbody>\n<tr>\n<td><span class=\"productSpecsGrouped_bold\">N\u00famero de altavoces incorporados<\/span><\/td>\n<td><span class=\"productSpecsGrouped_regular\">1<\/span><\/td>\n<\/tr>\n<\/tbody>\n<\/table>\n<\/div>\n<\/div>\n<\/div>\n<div id=\"object\" class=\"card-grouping card-header d-flex justify-content-between align-items-center\" data-target=\"#target\" aria-expanded=\"true\" aria-controls=\"target\">\n<h3 class=\"groupedText\">Conectividad<\/h3>\n<p>&nbsp;<\/p>\n<\/div>\n<div id=\"target\" class=\"show-accord mt-grouped\" aria-labelledby=\"object\">\n<div class=\"row card-body pt-0 pb-lg-0 in-left\">\n<div class=\"col-6\">\n<table class=\"table a-product__paragraphProductSpecs table-border-detail size-detail\">\n<thead><\/thead>\n<tbody>\n<tr>\n<td><span class=\"productSpecsGrouped_bold\">Bluetooth<\/span><\/td>\n<td><span class=\"productSpecsGrouped_regular\">No<\/span><\/td>\n<\/tr>\n<\/tbody>\n<\/table>\n<\/div>\n<div class=\"col-6\"><\/div>\n<\/div>\n<\/div>\n<div id=\"object\" class=\"card-grouping card-header d-flex justify-content-between align-items-center\" data-target=\"#target\" aria-expanded=\"true\" aria-controls=\"target\">\n<h3 class=\"groupedText\">Energ\u00eda<\/h3>\n<p>&nbsp;<\/p>\n<\/div>\n<div id=\"target\" class=\"show-accord mt-grouped\" aria-labelledby=\"object\">\n<div class=\"row card-body pt-0 pb-lg-0 in-left\">\n<div class=\"col-6\">\n<table class=\"table a-product__paragraphProductSpecs table-border-detail size-detail\">\n<thead><\/thead>\n<tbody>\n<tr>\n<td><span class=\"productSpecsGrouped_bold\">Potencia<\/span><\/td>\n<td><span class=\"productSpecsGrouped_regular\">25000 W<\/span><\/td>\n<\/tr>\n<\/tbody>\n<tbody>\n<tr>\n<td><span class=\"productSpecsGrouped_bold\">Duraci\u00f3n de carga<\/span><\/td>\n<td><span class=\"productSpecsGrouped_regular\">3 hrs<\/span><\/td>\n<\/tr>\n<\/tbody>\n<\/table>\n<\/div>\n<div class=\"col-6\">\n<table class=\"table a-product__paragraphProductSpecs table-border-detail size-detail\">\n<thead><\/thead>\n<tbody>\n<tr>\n<td><span class=\"productSpecsGrouped_bold\">Voltaje<\/span><\/td>\n<td><span class=\"productSpecsGrouped_regular\">110 V &#8211; 120 V<\/span><\/td>\n<\/tr>\n<\/tbody>\n<\/table>\n<\/div>\n<\/div>\n<\/div>\n<div id=\"object\" class=\"card-grouping card-header d-flex justify-content-between align-items-center\" data-target=\"#target\" aria-expanded=\"true\" aria-controls=\"target\">\n<h3 class=\"groupedText\">Puertos<\/h3>\n<p>&nbsp;<\/p>\n<\/div>\n<div id=\"target\" class=\"show-accord mt-grouped\" aria-labelledby=\"object\">\n<div class=\"row card-body pt-0 pb-lg-0 in-left\">\n<div class=\"col-6\">\n<table class=\"table a-product__paragraphProductSpecs table-border-detail size-detail\">\n<thead><\/thead>\n<tbody>\n<tr>\n<td><span class=\"productSpecsGrouped_bold\">Entradas<\/span><\/td>\n<td><span class=\"productSpecsGrouped_regular\">USB, Micro SD, 3.5 mm, 6.3 mm para micr\u00f3fono<\/span><\/td>\n<\/tr>\n<\/tbody>\n<\/table>\n<\/div>\n<\/div>\n<\/div>\n<\/div>\n<\/div>\n<\/div>\n","protected":false},"excerpt":{"rendered":"<ul>\n<li>Bafle profesional recargable 15&#8243; 25,000 W PMPO con tripi\u00e9 y micr\u00f3fono al\u00e1mbrico<\/li>\n<li>Tecnolog\u00eda KSR-LINK permite enlazar otra bocina con la misma tecnolog\u00eda<\/li>\n<li>Bluetooth con alcance de 10 m.<\/li>\n<li>Potencia de audio 25,000 W PMPO\/40 W RMS<\/li>\n<li>Radio FM<\/li>\n<li>Terminales para bater\u00eda externa<\/li>\n<li>Led indicador de estatus de la bater\u00eda<\/li>\n<li>Incluye cable para cargar bater\u00eda<\/li>\n<li>Perillas independientes de volumen general, graves, agudos, micr\u00f3fono y eco<\/li>\n<li>Funciones: grabar audio y prioridad de audio del micr\u00f3fono<\/li>\n<li>Display y controles de reproducci\u00f3n<\/li>\n<li>Impedancia 4 ohm<\/li>\n<li>Entradas: 3.5 mm para dispositivos de audio, 6.3 mm para micr\u00f3fono, USB y micro SD<\/li>\n<\/ul>\n","protected":false},"featured_media":6577,"template":"","meta":{"site-sidebar-layout":"default","site-content-layout":"","ast-site-content-layout":"default","site-content-style":"default","site-sidebar-style":"default","ast-global-header-display":"","ast-banner-title-visibility":"","ast-main-header-display":"","ast-hfb-above-header-display":"","ast-hfb-below-header-display":"","ast-hfb-mobile-header-display":"","site-post-title":"","ast-breadcrumbs-content":"","ast-featured-img":"","footer-sml-layout":"","theme-transparent-header-meta":"default","adv-header-id-meta":"","stick-header-meta":"","header-above-stick-meta":"","header-main-stick-meta":"","header-below-stick-meta":"","astra-migrate-meta-layouts":"set","ast-page-background-enabled":"default","ast-page-background-meta":{"desktop":{"background-color":"","background-image":"","background-repeat":"repeat","background-position":"center center","background-size":"auto","background-attachment":"scroll","background-type":"","background-media":"","overlay-type":"","overlay-color":"","overlay-gradient":""},"tablet":{"background-color":"","background-image":"","background-repeat":"repeat","background-position":"center center","background-size":"auto","background-attachment":"scroll","background-type":"","background-media":"","overlay-type":"","overlay-color":"","overlay-gradient":""},"mobile":{"background-color":"","background-image":"","background-repeat":"repeat","background-position":"center center","background-size":"auto","background-attachment":"scroll","background-type":"","background-media":"","overlay-type":"","overlay-color":"","overlay-gradient":""}},"ast-content-background-meta":{"desktop":{"background-color":"var(--ast-global-color-5)","background-image":"","background-repeat":"repeat","background-position":"center center","background-size":"auto","background-attachment":"scroll","background-type":"","background-media":"","overlay-type":"","overlay-color":"","overlay-gradient":""},"tablet":{"background-color":"var(--ast-global-color-5)","background-image":"","background-repeat":"repeat","background-position":"center center","background-size":"auto","background-attachment":"scroll","background-type":"","background-media":"","overlay-type":"","overlay-color":"","overlay-gradient":""},"mobile":{"background-color":"var(--ast-global-color-5)","background-image":"","background-repeat":"repeat","background-position":"center center","background-size":"auto","background-attachment":"scroll","background-type":"","background-media":"","overlay-type":"","overlay-color":"","overlay-gradient":""}}},"product_brand":[],"product_cat":[48],"product_tag":[],"class_list":{"0":"post-6847","1":"product","2":"type-product","3":"status-publish","4":"has-post-thumbnail","6":"product_cat-mesas","7":"desktop-align-left","8":"tablet-align-left","9":"mobile-align-left","11":"first","12":"instock","13":"taxable","14":"shipping-taxable","15":"purchasable","16":"product-type-simple"},"aioseo_notices":[],"_links":{"self":[{"href":"https:\/\/mueblesbrambila.com\/index.php\/wp-json\/wp\/v2\/product\/6847","targetHints":{"allow":["GET"]}}],"collection":[{"href":"https:\/\/mueblesbrambila.com\/index.php\/wp-json\/wp\/v2\/product"}],"about":[{"href":"https:\/\/mueblesbrambila.com\/index.php\/wp-json\/wp\/v2\/types\/product"}],"wp:featuredmedia":[{"embeddable":true,"href":"https:\/\/mueblesbrambila.com\/index.php\/wp-json\/wp\/v2\/media\/6577"}],"wp:attachment":[{"href":"https:\/\/mueblesbrambila.com\/index.php\/wp-json\/wp\/v2\/media?parent=6847"}],"wp:term":[{"taxonomy":"product_brand","embeddable":true,"href":"https:\/\/mueblesbrambila.com\/index.php\/wp-json\/wp\/v2\/product_brand?post=6847"},{"taxonomy":"product_cat","embeddable":true,"href":"https:\/\/mueblesbrambila.com\/index.php\/wp-json\/wp\/v2\/product_cat?post=6847"},{"taxonomy":"product_tag","embeddable":true,"href":"https:\/\/mueblesbrambila.com\/index.php\/wp-json\/wp\/v2\/product_tag?post=6847"}],"curies":[{"name":"wp","href":"https:\/\/api.w.org\/{rel}","templated":true}]}}