{"id":7697,"date":"2023-11-08T01:41:49","date_gmt":"2023-11-08T01:41:49","guid":{"rendered":"https:\/\/mueblesbrambila.com\/?post_type=product&#038;p=7697"},"modified":"2023-11-08T01:41:50","modified_gmt":"2023-11-08T01:41:50","slug":"bateria-kuche-tulum-kuche-12pzs-aluminicon-antiadherente","status":"publish","type":"product","link":"https:\/\/mueblesbrambila.com\/index.php\/product\/bateria-kuche-tulum-kuche-12pzs-aluminicon-antiadherente\/","title":{"rendered":"BATERIA KUCHE TULUM KUCHE 12PZS ALUMINICON ANTIADHERENTE"},"content":{"rendered":"<p>Si buscas una bater\u00eda de cocina, la bater\u00eda de cocina Tulum es tu mejor opci\u00f3n.<br \/>\nPrepara exquisitos platillos con la bater\u00eda Tulum ya que cuenta con interior antiadherente de cer\u00e1mica azul, el cual nada se le pega y proporciona una capa de calor uniforme que permite una cocci\u00f3n perfecta en los alimentos.<br \/>\nLa bater\u00eda Tulum asa, rostiza, hornea, saltea y fr\u00ede en menos tiempo, ahorras gas y adem\u00e1s, podr\u00e1s reducir la cantidad de aceite al cocinar y prevenir enfermedades en tu familia.<\/p>\n<p>Caracter\u00edsticas<br \/>\nColor Roja con fondo azul<\/p>\n<p>Fondo difusor.<br \/>\nModelo Tulum Roja<br \/>\nHecha a base de Aluminio con recubrimiento de cer\u00e1mica<br \/>\nTapas de cristal.<br \/>\nTapas con salida de vapor.<br \/>\nAsas fr\u00edas al tacto.<br \/>\nInterior antiadherente.<br \/>\nApta para cualquier fuente de calor.<br \/>\n2.5 mm de espesor<br \/>\nMarca Kuche<\/p>\n<p>Dimensiones<\/p>\n<p>Olla de 28 cm<\/p>\n<p>Alto 15 cm<br \/>\nAncho 43 cm<br \/>\nLargo 28 cm<br \/>\nPeso 1.2 kg<\/p>\n<p>Olla de 24 cm<br \/>\nAlto 12 cm<br \/>\nAncho 39 cm<br \/>\nLargo 24 cm<br \/>\nPeso 1.027 kg<\/p>\n<p>Olla de 20 cm<br \/>\nAlto 10 cm<br \/>\nAncho 35 cm<br \/>\nLargo 20 cm<br \/>\nPeso 735 g<\/p>\n<p>Wok de 28 cm<br \/>\nAlto 10 cm<br \/>\nAncho 54 cm<br \/>\nLargo 28 cm<br \/>\nPeso 980 g<\/p>\n<p>Sart\u00e9n de 26 cm<br \/>\nAlto 5 cm<br \/>\nAncho 45 cm<br \/>\nLargo 26 cm<br \/>\nPeso 682 g<\/p>\n<p>Utensilios<br \/>\nAlto 31 cm<br \/>\nAncho 8 cm<br \/>\nLargo 1 cm<br \/>\nPeso 73 g<\/p>\n","protected":false},"excerpt":{"rendered":"<p>MOD: TULUM KUCHE 12PZS<\/p>\n<p>Incluye<br \/>\n-3 ollas de 20,24 y. 28cm di\u00e1metro con tapa de cristal.<br \/>\n-1 wok de 28 cm di\u00e1metro con tapa de cristal.<br \/>\n-1 sart\u00e9n de 26 cm di\u00e1metro con tapa de cristal.<br \/>\n-2 Utensilios de cocina<\/p>\n","protected":false},"featured_media":7700,"template":"","meta":{"site-sidebar-layout":"default","site-content-layout":"","ast-site-content-layout":"default","site-content-style":"default","site-sidebar-style":"default","ast-global-header-display":"","ast-banner-title-visibility":"","ast-main-header-display":"","ast-hfb-above-header-display":"","ast-hfb-below-header-display":"","ast-hfb-mobile-header-display":"","site-post-title":"","ast-breadcrumbs-content":"","ast-featured-img":"","footer-sml-layout":"","theme-transparent-header-meta":"default","adv-header-id-meta":"","stick-header-meta":"","header-above-stick-meta":"","header-main-stick-meta":"","header-below-stick-meta":"","astra-migrate-meta-layouts":"set","ast-page-background-enabled":"default","ast-page-background-meta":{"desktop":{"background-color":"","background-image":"","background-repeat":"repeat","background-position":"center center","background-size":"auto","background-attachment":"scroll","background-type":"","background-media":"","overlay-type":"","overlay-color":"","overlay-gradient":""},"tablet":{"background-color":"","background-image":"","background-repeat":"repeat","background-position":"center center","background-size":"auto","background-attachment":"scroll","background-type":"","background-media":"","overlay-type":"","overlay-color":"","overlay-gradient":""},"mobile":{"background-color":"","background-image":"","background-repeat":"repeat","background-position":"center center","background-size":"auto","background-attachment":"scroll","background-type":"","background-media":"","overlay-type":"","overlay-color":"","overlay-gradient":""}},"ast-content-background-meta":{"desktop":{"background-color":"var(--ast-global-color-5)","background-image":"","background-repeat":"repeat","background-position":"center center","background-size":"auto","background-attachment":"scroll","background-type":"","background-media":"","overlay-type":"","overlay-color":"","overlay-gradient":""},"tablet":{"background-color":"var(--ast-global-color-5)","background-image":"","background-repeat":"repeat","background-position":"center center","background-size":"auto","background-attachment":"scroll","background-type":"","background-media":"","overlay-type":"","overlay-color":"","overlay-gradient":""},"mobile":{"background-color":"var(--ast-global-color-5)","background-image":"","background-repeat":"repeat","background-position":"center center","background-size":"auto","background-attachment":"scroll","background-type":"","background-media":"","overlay-type":"","overlay-color":"","overlay-gradient":""}}},"product_brand":[],"product_cat":[38],"product_tag":[],"class_list":{"0":"post-7697","1":"product","2":"type-product","3":"status-publish","4":"has-post-thumbnail","6":"product_cat-decoracion","7":"desktop-align-left","8":"tablet-align-left","9":"mobile-align-left","11":"first","12":"instock","13":"taxable","14":"shipping-taxable","15":"product-type-simple"},"aioseo_notices":[],"_links":{"self":[{"href":"https:\/\/mueblesbrambila.com\/index.php\/wp-json\/wp\/v2\/product\/7697","targetHints":{"allow":["GET"]}}],"collection":[{"href":"https:\/\/mueblesbrambila.com\/index.php\/wp-json\/wp\/v2\/product"}],"about":[{"href":"https:\/\/mueblesbrambila.com\/index.php\/wp-json\/wp\/v2\/types\/product"}],"wp:featuredmedia":[{"embeddable":true,"href":"https:\/\/mueblesbrambila.com\/index.php\/wp-json\/wp\/v2\/media\/7700"}],"wp:attachment":[{"href":"https:\/\/mueblesbrambila.com\/index.php\/wp-json\/wp\/v2\/media?parent=7697"}],"wp:term":[{"taxonomy":"product_brand","embeddable":true,"href":"https:\/\/mueblesbrambila.com\/index.php\/wp-json\/wp\/v2\/product_brand?post=7697"},{"taxonomy":"product_cat","embeddable":true,"href":"https:\/\/mueblesbrambila.com\/index.php\/wp-json\/wp\/v2\/product_cat?post=7697"},{"taxonomy":"product_tag","embeddable":true,"href":"https:\/\/mueblesbrambila.com\/index.php\/wp-json\/wp\/v2\/product_tag?post=7697"}],"curies":[{"name":"wp","href":"https:\/\/api.w.org\/{rel}","templated":true}]}}

<p>Si buscas una batería de cocina, la batería de cocina Tulum es tu mejor opción.<br />
Prepara exquisitos platillos con la batería Tulum ya que cuenta con interior antiadherente de cerámica azul, el cual nada se le pega y proporciona una capa de calor uniforme que permite una cocción perfecta en los alimentos.<br />
La batería Tulum asa, rostiza, hornea, saltea y fríe en menos tiempo, ahorras gas y además, podrás reducir la cantidad de aceite al cocinar y prevenir enfermedades en tu familia.</p>
<p>Características<br />
Color Roja con fondo azul</p>
<p>Fondo difusor.<br />
Modelo Tulum Roja<br />
Hecha a base de Aluminio con recubrimiento de cerámica<br />
Tapas de cristal.<br />
Tapas con salida de vapor.<br />
Asas frías al tacto.<br />
Interior antiadherente.<br />
Apta para cualquier fuente de calor.<br />
2.5 mm de espesor<br />
Marca Kuche</p>
<p>Dimensiones</p>
<p>Olla de 28 cm</p>
<p>Alto 15 cm<br />
Ancho 43 cm<br />
Largo 28 cm<br />
Peso 1.2 kg</p>
<p>Olla de 24 cm<br />
Alto 12 cm<br />
Ancho 39 cm<br />
Largo 24 cm<br />
Peso 1.027 kg</p>
<p>Olla de 20 cm<br />
Alto 10 cm<br />
Ancho 35 cm<br />
Largo 20 cm<br />
Peso 735 g</p>
<p>Wok de 28 cm<br />
Alto 10 cm<br />
Ancho 54 cm<br />
Largo 28 cm<br />
Peso 980 g</p>
<p>Sartén de 26 cm<br />
Alto 5 cm<br />
Ancho 45 cm<br />
Largo 26 cm<br />
Peso 682 g</p>
<p>Utensilios<br />
Alto 31 cm<br />
Ancho 8 cm<br />
Largo 1 cm<br />
Peso 73 g</p>

<p>MOD: TULUM KUCHE 12PZS</p>
<p>Incluye<br />
-3 ollas de 20,24 y. 28cm diámetro con tapa de cristal.<br />
-1 wok de 28 cm diámetro con tapa de cristal.<br />
-1 sartén de 26 cm diámetro con tapa de cristal.<br />
-2 Utensilios de cocina</p>
